000
CXUS53 KTOP 012351 CCA
CLMMHK

CLIMATE REPORT...CORRECTED THUNDERSTORM DAYS
NATIONAL WEATHER SERVICE TOPEKA KS
650 PM CDT SAT AUG 1 2015

...................................

...THE MANHATTAN KS CLIMATE SUMMARY FOR THE MONTH OF JULY 2015...

CLIMATE NORMAL PERIOD 1981 TO 2010
CLIMATE RECORD PERIOD 9999 TO 9999

WEATHER         OBSERVED          NORMAL  DEPART  LAST YEAR`S
                 VALUE   DATE(S)  VALUE   FROM    VALUE
                                          NORMAL
.............................................................
TEMPERATURE (F)
HIGHEST           102   07/24                        107
LOWEST             58   07/04                         47
AVG. MAXIMUM     90.8              91.1    -0.3     90.7
AVG. MINIMUM     69.7              67.0     2.7     63.6
MEAN             80.2              79.0     1.2     77.2
DAYS MAX >= 90     19              18.0     1.0       16
DAYS MAX <= 32      0               0.0     0.0        0
DAYS MIN <= 32      0               0.0     0.0        0
DAYS MIN <= 0       0               0.0     0.0        0

PRECIPITATION (INCHES)
TOTALS           3.73              3.97   -0.24     0.85
DAILY AVG.       0.12                               0.03
DAYS >= .01        10                                  6
DAYS >= .10         8                                  3
DAYS >= .50         3                                  0
DAYS >= 1.00        1                                  0
GREATEST
 24 HR. TOTAL    1.04   07/06 TO 07/06              0.40
                        07/05 TO 07/06
                        07/06 TO 07/06

DEGREE_DAYS
HEATING TOTAL       0                 1      -1        1
 SINCE 7/1          0                 1      -1        1
COOLING TOTAL     480               436      44      388
 SINCE 1/1        922               806     116      896
..............................................................

WIND (MPH)
AVERAGE WIND SPEED              6.4
HIGHEST WIND SPEED/DIRECTION    31/240    DATE  07/19
HIGHEST GUST SPEED/DIRECTION    40/230    DATE  07/19

SKY COVER
POSSIBLE SUNSHINE (PERCENT)   MM
AVERAGE SKY COVER           0.20
NUMBER OF DAYS FAIR           24
NUMBER OF DAYS PC              6
NUMBER OF DAYS CLOUDY          1

AVERAGE RH (PERCENT)     71

WEATHER CONDITIONS. NUMBER OF DAYS WITH
THUNDERSTORM             12     MIXED PRECIP               0
HEAVY RAIN                6     RAIN                       7
LIGHT RAIN               12     FREEZING RAIN              0
LT FREEZING RAIN          0     HEAVY SNOW                 0
SNOW                      0     LIGHT SNOW                 0
FOG                      11     FOG W/VIS <= 1/4 MILE      0
HAZE                      4

-  INDICATES NEGATIVE NUMBERS.
R  INDICATES RECORD WAS SET OR TIED.
MM INDICATES DATA IS MISSING.
T  INDICATES TRACE AMOUNT.

$$
