000
CXUS56 KPQR 011547
CLMMMV


CLIMATE REPORT
NATIONAL WEATHER SERVICE PORTLAND OREGON
747 AM PST SUN JAN 1 2017

...................................

...THE MCMINNVILLE OR CLIMATE SUMMARY FOR THE MONTH OF DECEMBER 2016...

CLIMATE NORMAL PERIOD 1981 TO 2010
CLIMATE RECORD PERIOD 1894 TO 2016

WEATHER         OBSERVED          NORMAL  DEPART  LAST YEAR`S
                 VALUE   DATE(S)  VALUE   FROM    VALUE  DATE(S)
                                          NORMAL
................................................................
TEMPERATURE (F)
HIGHEST            53                                 63  12/07
LOWEST             20                                 30  12/31
                                                          12/25
AVG. MAXIMUM     41.3              45.7    -4.4     48.6
AVG. MINIMUM     30.6              33.8    -3.2     39.1
MEAN             35.9              39.8    -3.9     43.8
DAYS MAX >= 90      0               0.0     0.0        0
DAYS MAX <= 32      2               1.0     1.0        0
DAYS MIN <= 32     20              11.5     8.5        5
DAYS MIN <= 0       0               0.0     0.0        0

PRECIPITATION (INCHES)
RECORD
 MAXIMUM        17.65   1917
 MINIMUM         0.20   1989
TOTALS           5.50              6.09   -0.59    15.35
DAYS >= .01        19                MM      MM       27
DAYS >= .10        11                MM      MM       22
DAYS >= .50         5                MM      MM       10
DAYS >= 1.00        0                MM      MM        3
GREATEST
 24 HR. TOTAL    1.29   12/19 TO 12/20

DEGREE_DAYS
HEATING TOTAL     867               783      84      649
 SINCE 7/1       1769              2005    -236     1615
COOLING TOTAL       0                 0       0        0
 SINCE 1/1        363               215     148      530
.................................................................

WIND (MPH)
AVERAGE WIND SPEED              4.6
RESULTANT WIND SPEED/DIRECTION   1/287
HIGHEST WIND SPEED/DIRECTION    28/180    DATE  12/26
HIGHEST GUST SPEED/DIRECTION    36/170    DATE  12/26

SKY COVER
POSSIBLE SUNSHINE (PERCENT)   MM
AVERAGE SKY COVER           0.80

AVERAGE RH (PERCENT)     86

WEATHER CONDITIONS. NUMBER OF DAYS WITH
THUNDERSTORM              0     MIXED PRECIP               0
HEAVY RAIN                1     RAIN                       8
LIGHT RAIN               19     FREEZING RAIN              1
LT FREEZING RAIN          2     HAIL                       0
HEAVY SNOW                1     SNOW                       1
LIGHT SNOW                4     SLEET                      0
FOG                      31     FOG W/VIS <= 1/4 MILE     21
HAZE                      2

-  INDICATES NEGATIVE NUMBERS.
R  INDICATES RECORD WAS SET OR TIED.
MM INDICATES DATA IS MISSING.
T  INDICATES TRACE AMOUNT.

$$
