024
CXUS56 KPQR 011529
CLMMMV


CLIMATE REPORT
NATIONAL WEATHER SERVICE PORTLAND OREGON
729 AM PST FRI DEC 1 2017

...................................

...THE MCMINNVILLE OR CLIMATE SUMMARY FOR THE MONTH OF NOVEMBER 2017...

CLIMATE NORMAL PERIOD 1981 TO 2010
CLIMATE RECORD PERIOD 1894 TO 2017

WEATHER         OBSERVED          NORMAL  DEPART  LAST YEAR`S
                 VALUE   DATE(S)  VALUE   FROM    VALUE  DATE(S)
                                          NORMAL
................................................................
TEMPERATURE (F)
HIGHEST            63                                 67  11/09
LOWEST             34                                 36  11/27
                                                          11/16
AVG. MAXIMUM     53.3              52.0     1.3     56.4
AVG. MINIMUM     40.7              38.1     2.6     43.5
MEAN             47.0              45.0     2.0     50.0
DAYS MAX >= 90      0               0.0     0.0        0
DAYS MAX <= 32      0               0.1    -0.1        0
DAYS MIN <= 32      0               5.7    -5.7        0
DAYS MIN <= 0       0               0.0     0.0        0

PRECIPITATION (INCHES)
RECORD
 MAXIMUM        20.47   1896
 MINIMUM         0.42   1936
TOTALS           8.03              6.79    1.24     8.19
DAYS >= .01        25                MM      MM       22
DAYS >= .10        21                MM      MM       13
DAYS >= .50         6                MM      MM        4
DAYS >= 1.00        1                MM      MM        1
GREATEST
 24 HR. TOTAL    1.32   11/15 TO 11/15

DEGREE_DAYS
HEATING TOTAL     531               599     -68      443
 SINCE 7/1        973              1222    -249      902
COOLING TOTAL       0                 0       0        0
 SINCE 1/1        507               215     292      363
.................................................................

WIND (MPH)
AVERAGE WIND SPEED              6.3
RESULTANT WIND SPEED/DIRECTION   2/204
HIGHEST WIND SPEED/DIRECTION    30/180    DATE  11/15
HIGHEST GUST SPEED/DIRECTION    46/170    DATE  11/15

SKY COVER
POSSIBLE SUNSHINE (PERCENT)   MM
AVERAGE SKY COVER           0.80

AVERAGE RH (PERCENT)     86

WEATHER CONDITIONS. NUMBER OF DAYS WITH
THUNDERSTORM              0     MIXED PRECIP               0
HEAVY RAIN                4     RAIN                      18
LIGHT RAIN               25     FREEZING RAIN              0
LT FREEZING RAIN          0     HAIL                       0
HEAVY SNOW                0     SNOW                       0
LIGHT SNOW                0     SLEET                      0
FOG                      27     FOG W/VIS <= 1/4 MILE      6
HAZE                      0

-  INDICATES NEGATIVE NUMBERS.
R  INDICATES RECORD WAS SET OR TIED.
MM INDICATES DATA IS MISSING.
T  INDICATES TRACE AMOUNT.

$$
