000
CXUS54 KMOB 011541
CLMMOB


CLIMATE REPORT
NATIONAL WEATHER SERVICE MOBILE AL
1040 AM CDT SAT APR 1 2017

...................................

...THE MOBILE CLIMATE SUMMARY FOR THE MONTH OF MARCH 2017...

CLIMATE NORMAL PERIOD 1981 TO 2010
CLIMATE RECORD PERIOD 1842 TO 2017

WEATHER         OBSERVED          NORMAL  DEPART  LAST YEAR`S
                 VALUE   DATE(S)  VALUE   FROM    VALUE  DATE(S)
                                          NORMAL
................................................................
TEMPERATURE (F)
RECORD
 HIGH              91   03/27/1910
 LOW               21   03/14/1993
HIGHEST            88   03/22        MM      MM       83  03/16
LOWEST             34   03/16        MM      MM       35  03/22
                        03/15                             03/21
AVG. MAXIMUM     74.9              71.2     3.7     73.7
AVG. MINIMUM     53.2              49.1     4.1     54.2
MEAN             64.0              60.2     3.8     64.0
DAYS MAX >= 90      0               0.0     0.0        0
DAYS MAX <= 32      0               0.0     0.0        0
DAYS MIN <= 32      0               1.1    -1.1        0
DAYS MIN <= 0       0               0.0     0.0        0

PRECIPITATION (INCHES)
RECORD
 MAXIMUM        12.34   2009
 MINIMUM         0.24   2006
TOTALS           3.14              6.14   -3.00    10.16
DAILY AVG.       0.10              0.20   -0.10     0.33
DAYS >= .01         7               8.6    -1.6       12
DAYS >= .10         5               6.0    -1.0        9
DAYS >= .50         3               3.2    -0.2        5
DAYS >= 1.00        1               2.1    -1.1        2
GREATEST
 24 HR. TOTAL    1.27   03/07 TO 03/07

SNOWFALL (INCHES)
RECORDS
 TOTAL              T   2009
TOTALS            0.0               0.1    -0.1      0.0
SINCE 7/1         0.0               0.2    -0.2      0.0
SNOWDEPTH AVG.      0                MM      MM        0
DAYS >= 1.0         0               0.0     0.0        0
GREATEST
 SNOW DEPTH         0   MM                             0  MM
 24 HR TOTAL      0.0   03/31 TO 03/31

DEGREE_DAYS
HEATING TOTAL     119               189     -70       96
 SINCE 7/1        890              1631    -741     1194
COOLING TOTAL      95                39      56       70
 SINCE 1/1        170                55     115       84
.................................................................

WIND (MPH)
AVERAGE WIND SPEED              8.5
HIGHEST WIND SPEED/DIRECTION    31/130    DATE  03/06
HIGHEST GUST SPEED/DIRECTION    38/130    DATE  03/06

SKY COVER
POSSIBLE SUNSHINE (PERCENT)   MM
AVERAGE SKY COVER           0.50
NUMBER OF DAYS FAIR           10
NUMBER OF DAYS PC             17
NUMBER OF DAYS CLOUDY          4

AVERAGE RH (PERCENT)     67

WEATHER CONDITIONS. NUMBER OF DAYS WITH
THUNDERSTORM              0     MIXED PRECIP               0
HEAVY RAIN                3     RAIN                       4
LIGHT RAIN                8     FREEZING RAIN              0
LT FREEZING RAIN          0     HAIL                       0
HEAVY SNOW                0     SNOW                       0
LIGHT SNOW                0     SLEET                      0
FOG                      19     FOG W/VIS <= 1/4 MILE      1
HAZE                      9

-  INDICATES NEGATIVE NUMBERS.
R  INDICATES RECORD WAS SET OR TIED.
MM INDICATES DATA IS MISSING.
T  INDICATES TRACE AMOUNT.

$$
