000
CXUS54 KMOB 011522
CLMMOB


CLIMATE REPORT
NATIONAL WEATHER SERVICE MOBILE AL
904 AM CST THU FEB 1 2018

...................................

...THE MOBILE CLIMATE SUMMARY FOR THE MONTH OF JANUARY 2018...

CLIMATE NORMAL PERIOD 1981 TO 2010
CLIMATE RECORD PERIOD 1842 TO 2018

WEATHER         OBSERVED          NORMAL  DEPART  LAST YEAR`S
                 VALUE   DATE(S)  VALUE   FROM    VALUE  DATE(S)
                                          NORMAL
................................................................
TEMPERATURE (F)
RECORD
 HIGH              83   01/11/1949
 LOW                3   01/21/1985
HIGHEST            72   01/22                         80  01/18
LOWEST             17   01/18                         21  01/08
                        01/17
AVG. MAXIMUM     57.6              60.8    -3.2     68.8
AVG. MINIMUM     35.6              40.0    -4.4     48.2
MEAN             46.6              50.4    -3.8     58.5
DAYS MAX >= 90      0               0.0     0.0        0
DAYS MAX <= 32      0               0.1    -0.1        0
DAYS MIN <= 32     17               7.7     9.3        4
DAYS MIN <= 0       0               0.0     0.0        0

PRECIPITATION (INCHES)
RECORD
 MAXIMUM           16.92   1998
 MINIMUM            0.55   2003
TOTALS           3.56              5.65   -2.09    10.93
DAILY AVG.       0.11              0.18   -0.07     0.35
DAYS >= .01         9               9.9    -0.9        8
DAYS >= .10         5               7.0    -2.0        6
DAYS >= .50         2               3.4    -1.4        4
DAYS >= 1.00        2               1.8     0.2        3
GREATEST
 24 HR. TOTAL    1.89   01/08 TO 01/08

SNOWFALL (INCHES)
RECORDS
 TOTAL            5.0   1881
TOTALS            0.1               0.0     0.1      0.0
SINCE 7/1         1.1                 T     1.1      0.0
SNOWDEPTH AVG.      0                MM      MM        0
DAYS >= 1.0         0               0.0     0.0        0
GREATEST
 SNOW DEPTH         T   01/17                          0  MM
 24 HR TOTAL      0.1   01/17 TO 01/17

DEGREE_DAYS
HEATING TOTAL     564               459     105      239
 SINCE 7/1       1164              1121      43      648
COOLING TOTAL       2                 7      -5       46
 SINCE 1/1          2                 0       2       46
.................................................................

WIND (MPH)
AVERAGE WIND SPEED              8.9
HIGHEST WIND SPEED/DIRECTION    25/220    DATE  01/12
HIGHEST GUST SPEED/DIRECTION    35/100    DATE  01/08

SKY COVER
POSSIBLE SUNSHINE (PERCENT)   MM
AVERAGE SKY COVER           0.50
NUMBER OF DAYS FAIR           12
NUMBER OF DAYS PC             10
NUMBER OF DAYS CLOUDY          9

AVERAGE RH (PERCENT)     64

WEATHER CONDITIONS. NUMBER OF DAYS WITH
THUNDERSTORM              0     MIXED PRECIP               0
HEAVY RAIN                4     RAIN                       3
LIGHT RAIN                7     FREEZING RAIN              0
LT FREEZING RAIN          1     HAIL                       0
HEAVY SNOW                0     SNOW                       0
LIGHT SNOW                4     SLEET                      0
FOG                      10     FOG W/VIS <= 1/4 MILE      3
HAZE                      4

-  INDICATES NEGATIVE NUMBERS.
R  INDICATES RECORD WAS SET OR TIED.
MM INDICATES DATA IS MISSING.
T  INDICATES TRACE AMOUNT.

$$
