000
CXUS51 KPHI 021246
CLMMPO


CLIMATE REPORT
NATIONAL WEATHER SERVICE MOUNT HOLLY NJ
746 AM EST MON FEB 2 2015

...................................

...THE POCONO_MNTS_MUNIL_AR CLIMATE SUMMARY FOR THE MONTH OF JANUARY 2015...

CLIMATE NORMAL PERIOD 1981 TO 2010
CLIMATE RECORD PERIOD 1901 TO 2015

WEATHER         OBSERVED          NORMAL  DEPART  LAST YEAR`S
                 VALUE   DATE(S)  VALUE   FROM    VALUE  DATE(S)
                                          NORMAL
................................................................
TEMPERATURE (F)
RECORD
 HIGH              69   01/26/1950
 LOW              -35   01/14/1912
HIGHEST            47                MM      MM       55
LOWEST             -3                MM      MM       -9
AVG. MAXIMUM     27.1              30.7    -3.6     26.9
AVG. MINIMUM     12.3              15.8    -3.5      9.4
MEAN             19.7              23.2    -3.5     18.2
DAYS MAX >= 90      0               0.0     0.0        0
DAYS MAX <= 32     22              17.6     4.4       20
DAYS MIN <= 32     30              28.9     1.1       29
DAYS MIN <= 0       3               2.2     0.8       11

PRECIPITATION (INCHES)
RECORD
 MAXIMUM        10.45   1979
 MINIMUM         0.61   1990
TOTALS           1.72              2.85   -1.13     3.35
DAILY AVG.       0.06              0.09   -0.03     0.11
DAYS >= .01        14                MM      MM       12
DAYS >= .10         5                MM      MM        7
DAYS >= .50         0                MM      MM        1
DAYS >= 1.00        0                MM      MM        1
GREATEST
 24 HR. TOTAL    0.55   01/03 TO 01/04              1.70

SNOWFALL (INCHES)
RECORDS
 TOTAL             MM   5
 24 HR TOTAL       MM
TOTALS             MM                MM      MM       MM
SINCE 7/1          MM                MM      MM       MM
SNOWDEPTH AVG.     MM                MM      MM        0
DAYS >= 1.0         0                MM      MM        0
GREATEST
 SNOW DEPTH        MM                                  0  MM
 24 HR TOTAL       MM                                 MM

DEGREE_DAYS
HEATING TOTAL    1398              1294     104     1446
 SINCE 7/1       4001              4031     -30     4178
COOLING TOTAL       0                 0       0        0
 SINCE 1/1          0                 0       0        0
.................................................................

WIND (MPH)
AVERAGE WIND SPEED              11.6
HIGHEST WIND SPEED/DIRECTION    33/320    DATE  01/31
HIGHEST GUST SPEED/DIRECTION    50/290    DATE  01/04

SKY COVER
POSSIBLE SUNSHINE (PERCENT)   MM
AVERAGE SKY COVER           0.60
NUMBER OF DAYS FAIR            7
NUMBER OF DAYS PC             15
NUMBER OF DAYS CLOUDY          9

AVERAGE RH (PERCENT)     67

WEATHER CONDITIONS. NUMBER OF DAYS WITH
THUNDERSTORM              0     MIXED PRECIP               0
HEAVY RAIN                0     RAIN                       1
LIGHT RAIN                4     FREEZING RAIN              1
LT FREEZING RAIN          3     HEAVY SNOW                 3
SNOW                      6     LIGHT SNOW                18
SLEET                     1     FOG                       16
FOG W/VIS <= 1/4 MILE     5     HAZE                       9

-  INDICATES NEGATIVE NUMBERS.
R  INDICATES RECORD WAS SET OR TIED.
MM INDICATES DATA IS MISSING.
T  INDICATES TRACE AMOUNT.

$$
