000
CXUS55 KMSO 011509
CLMMSO


CLIMATE REPORT
NATIONAL WEATHER SERVICE MISSOULA, MT
909 AM MDT FRI APR 1 2016

...................................

...THE MISSOULA MT CLIMATE SUMMARY FOR THE MONTH OF MARCH 2016...

CLIMATE NORMAL PERIOD 1981 TO 2010
CLIMATE RECORD PERIOD 1893 TO 2016

WEATHER         OBSERVED          NORMAL  DEPART  LAST YEAR`S
                 VALUE   DATE(S)  VALUE   FROM    VALUE
                                          NORMAL
.............................................................
TEMPERATURE (F)
RECORD
 HIGH              78   03/30/2004
 LOW              -13   03/05/1955
HIGHEST            66   03/20        MM      MM       74
LOWEST             19   03/18        MM      MM        9
AVG. MAXIMUM     50.8              49.8     1.0     54.6
AVG. MINIMUM     28.6              27.7     0.9     28.4
MEAN             39.7              38.8     0.9     41.5
DAYS MAX >= 90      0               0.0     0.0        0
DAYS MAX <= 32      0               0.9    -0.9        1
DAYS MIN <= 32     24              23.0     1.0       20
DAYS MIN <= 0       0               0.1    -0.1        0

PRECIPITATION (INCHES)
RECORD
 MAXIMUM         2.31   1901
 MINIMUM         0.11   1911
TOTALS           0.86              1.00   -0.14     0.49
DAILY AVG.       0.03              0.03    0.00     0.02
DAYS >= .01        17              11.4     5.6        9
DAYS >= .10         2               3.4    -1.4        2
DAYS >= .50         0               0.1    -0.1        0
DAYS >= 1.00        0               0.0     0.0        0
GREATEST
 24 HR. TOTAL    0.37   03/13 TO 03/14              0.20

SNOWFALL (INCHES)
TOTALS            1.9               5.1    -3.2        T
SINCE 7/1        30.2              36.5    -6.3     33.3
DAYS >= TRACE      14               5.1     8.9        3
DAYS >= 1.0         1               1.8    -0.8        0
GREATEST
 SNOW DEPTH         1   03/17                          0
 24 HR TOTAL      1.0   03/17 TO 03/17                 T

DEGREE_DAYS
HEATING TOTAL     778               814     -36
 SINCE 7/1       5962              6183    -221
COOLING TOTAL       0                 0       0
 SINCE 1/1          0                 0       0
..............................................................

WIND (MPH)
AVERAGE WIND SPEED              5.4
HIGHEST WIND SPEED/DIRECTION    37/310    DATE  03/10
HIGHEST GUST SPEED/DIRECTION    49/240    DATE  03/10

SKY COVER
POSSIBLE SUNSHINE (PERCENT)   MM
AVERAGE SKY COVER           0.60
NUMBER OF DAYS FAIR            5
NUMBER OF DAYS PC             20
NUMBER OF DAYS CLOUDY          6

AVERAGE RH (PERCENT)     65

WEATHER CONDITIONS. NUMBER OF DAYS WITH
THUNDERSTORM              0     MIXED PRECIP               1
HEAVY RAIN                1     RAIN                       2
LIGHT RAIN               20     FREEZING RAIN              0
LT FREEZING RAIN          0     HAIL                       0
HEAVY SNOW                1     SNOW                       2
LIGHT SNOW               13     SLEET                      2
FOG                      10     FOG W/VIS <= 1/4 MILE      2
HAZE                      2

-  INDICATES NEGATIVE NUMBERS.
R  INDICATES RECORD WAS SET OR TIED.
MM INDICATES DATA IS MISSING.
T  INDICATES TRACE AMOUNT.

$$
