000
CXUS55 KMSO 011402
CLMMSO


CLIMATE REPORT
NATIONAL WEATHER SERVICE MISSOULA, MT
802 AM MDT SAT APR 1 2017

...................................

...THE MISSOULA MT CLIMATE SUMMARY FOR THE MONTH OF MARCH 2017...

CLIMATE NORMAL PERIOD 1981 TO 2010
CLIMATE RECORD PERIOD 1893 TO 2017

WEATHER         OBSERVED          NORMAL  DEPART  LAST YEAR`S
                 VALUE   DATE(S)  VALUE   FROM    VALUE
                                          NORMAL
.............................................................
TEMPERATURE (F)
RECORD
 HIGH              78   03/30/2004
 LOW              -13   03/05/1955
HIGHEST            58   03/31        MM      MM       66
                        03/18
                        03/15
LOWEST             13   03/06        MM      MM       19
AVG. MAXIMUM     49.2              49.8    -0.6     50.8
AVG. MINIMUM     31.4              27.7     3.7     28.6
MEAN             40.3              38.8     1.5     39.7
DAYS MAX >= 90      0               0.0     0.0        0
DAYS MAX <= 32      0               0.9    -0.9        0
DAYS MIN <= 32     17              23.0    -6.0       24
DAYS MIN <= 0       0               0.1    -0.1        0

PRECIPITATION (INCHES)
RECORD
 MAXIMUM         2.31   1901
 MINIMUM         0.11   1911
TOTALS           2.02              1.00    1.02     0.86
DAILY AVG.       0.07              0.03    0.04     0.03
DAYS >= .01        20              11.4     8.6       17
DAYS >= .10         7               3.4     3.6        2
DAYS >= .50         0               0.1    -0.1        0
DAYS >= 1.00        0               0.0     0.0        0
GREATEST
 24 HR. TOTAL    0.40   03/05 TO 03/05              0.37

SNOWFALL (INCHES)
TOTALS            9.5               5.1     4.4      1.9
SINCE 7/1        63.7              36.5    27.2     30.2
DAYS >= TRACE       7               5.1     1.9       14
DAYS >= 1.0         5               1.8     3.2        1
GREATEST
 SNOW DEPTH         4   03/09                          1
                        03/07
 24 HR TOTAL      3.4   MM                           1.0

DEGREE_DAYS
HEATING TOTAL     757               814     -57
 SINCE 7/1       6533              6183     350
COOLING TOTAL       0                 0       0
 SINCE 1/1          0                 0       0
..............................................................

WIND (MPH)
AVERAGE WIND SPEED              5.4
HIGHEST WIND SPEED/DIRECTION    29/260    DATE  03/24
HIGHEST GUST SPEED/DIRECTION    37/340    DATE  03/05

SKY COVER
POSSIBLE SUNSHINE (PERCENT)   MM
AVERAGE SKY COVER           0.70
NUMBER OF DAYS FAIR            0
NUMBER OF DAYS PC             17
NUMBER OF DAYS CLOUDY         14

AVERAGE RH (PERCENT)     72

WEATHER CONDITIONS. NUMBER OF DAYS WITH
THUNDERSTORM              0     MIXED PRECIP               0
HEAVY RAIN                0     RAIN                       4
LIGHT RAIN               20     FREEZING RAIN              0
LT FREEZING RAIN          0     HAIL                       0
HEAVY SNOW                2     SNOW                       3
LIGHT SNOW                6     SLEET                      0
FOG                      17     FOG W/VIS <= 1/4 MILE      5
HAZE                      2

-  INDICATES NEGATIVE NUMBERS.
R  INDICATES RECORD WAS SET OR TIED.
MM INDICATES DATA IS MISSING.
T  INDICATES TRACE AMOUNT.

$$
