000
CXUS55 KMSO 021445
CLMMSO


CLIMATE REPORT
NATIONAL WEATHER SERVICE MISSOULA, MT
845 AM MDT TUE JUN 2 2015

...................................

...THE MISSOULA MT CLIMATE SUMMARY FOR THE MONTH OF MAY 2015...

CLIMATE NORMAL PERIOD 1981 TO 2010
CLIMATE RECORD PERIOD 1893 TO 2015

WEATHER         OBSERVED          NORMAL  DEPART  LAST YEAR`S
                 VALUE   DATE(S)  VALUE   FROM    VALUE
                                          NORMAL
.............................................................
TEMPERATURE (F)
RECORD
 HIGH              95   05/30/1986
                        05/29/1936
 LOW               21   05/08/1999
                        05/12/1985
                        05/01/1954
HIGHEST            82   05/31        MM      MM       85
LOWEST             28   05/06        MM      MM       27
AVG. MAXIMUM     68.9              67.3     1.6     68.8
AVG. MINIMUM     40.2              39.8     0.4     39.7
MEAN             54.5              53.5     1.0     54.3
DAYS MAX >= 90      0               0.4    -0.4        0
DAYS MAX <= 32      0               0.0     0.0        0
DAYS MIN <= 32      6               4.0     2.0        4
DAYS MIN <= 0       0               0.0     0.0        0

PRECIPITATION (INCHES)
RECORD
 MAXIMUM         7.38   1980
 MINIMUM         0.20   1907
TOTALS           0.76              2.01   -1.25     1.00
DAILY AVG.       0.02              0.06   -0.04     0.03
DAYS >= .01        10              12.3    -2.3       11
DAYS >= .10         2               5.9    -3.9        4
DAYS >= .50         0               0.9    -0.9        0
DAYS >= 1.00        0               0.0     0.0        0
GREATEST
 24 HR. TOTAL    0.31   05/30 TO 05/30              0.42
                        05/29 TO 05/30
                        05/30 TO 05/30

SNOWFALL (INCHES)
TOTALS            0.0               0.2    -0.2      0.1
SINCE 7/1        33.9              37.9    -4.0     65.8
DAYS >= TRACE       0               0.3    -0.3        2
DAYS >= 1.0         0               0.0     0.0        0
GREATEST
 SNOW DEPTH         0   MM                             0
 24 HR TOTAL      0.0   05/31 TO 05/31               0.1

DEGREE_DAYS
HEATING TOTAL     316               361     -45
 SINCE 7/1       6649              7124    -475
COOLING TOTAL       0                 6      -6
 SINCE 1/1          0                 6      -6
..............................................................

WIND (MPH)
AVERAGE WIND SPEED              7.8
HIGHEST WIND SPEED/DIRECTION    33/170    DATE  05/26
HIGHEST GUST SPEED/DIRECTION    45/010    DATE  05/30

SKY COVER
POSSIBLE SUNSHINE (PERCENT)   MM
AVERAGE SKY COVER           0.40
NUMBER OF DAYS FAIR           14
NUMBER OF DAYS PC             14
NUMBER OF DAYS CLOUDY          3

AVERAGE RH (PERCENT)     54

WEATHER CONDITIONS. NUMBER OF DAYS WITH
THUNDERSTORM              0     MIXED PRECIP               0
HEAVY RAIN                3     RAIN                       5
LIGHT RAIN               17     FREEZING RAIN              0
LT FREEZING RAIN          0     HAIL                       0
HEAVY SNOW                0     SNOW                       0
LIGHT SNOW                0     SLEET                      0
FOG                       4     FOG W/VIS <= 1/4 MILE      0
HAZE                      1

-  INDICATES NEGATIVE NUMBERS.
R  INDICATES RECORD WAS SET OR TIED.
MM INDICATES DATA IS MISSING.
T  INDICATES TRACE AMOUNT.

$$
