000
CXUS53 KLIX 040258
CLMNEW


CLIMATE REPORT
NATIONAL WEATHER SERVICE NEW ORLEANS
951 PM CDT MON JUL 3 2017

...................................

...THE NEW ORLEANS CLIMATE SUMMARY FOR THE MONTH OF JUNE 2017...

CLIMATE NORMAL PERIOD 1981 TO 2010
CLIMATE RECORD PERIOD 1946 TO 2017

WEATHER         OBSERVED          NORMAL  DEPART  LAST YEAR`S
                 VALUE   DATE(S)  VALUE   FROM    VALUE  DATE(S)
                                          NORMAL
................................................................
TEMPERATURE (F)
RECORD
 HIGH             101   06/24/2009
 LOW               50   06/01/1984
HIGHEST            92   06/19                        100  06/26
LOWEST             65   06/09                         72  06/18
AVG. MAXIMUM     86.6              89.5    -2.9     92.0
AVG. MINIMUM     73.6              73.5     0.1     76.4
MEAN             80.1              81.5    -1.4     84.2
DAYS MAX >= 90      6              14.1    -8.1       25
DAYS MAX <= 32      0               0.0     0.0        0
DAYS MIN <= 32      0               0.0     0.0        0
DAYS MIN <= 0       0               0.0     0.0        0

PRECIPITATION (INCHES)
RECORD
 MAXIMUM
 MINIMUM
TOTALS          15.48              8.06    7.42     9.78
DAILY AVG.       0.52              0.27    0.25     0.33
DAYS >= .01        19              12.9     6.1       14
DAYS >= .10        14               9.1     4.9       12
DAYS >= .50         8               5.1     2.9        8
DAYS >= 1.00        6               3.0     3.0        2
GREATEST
 24 HR. TOTAL    3.47   06/24 TO 06/24

SNOWFALL (INCHES)
RECORDS
 TOTAL
 24 HR TOTAL
 SNOW DEPTH
TOTALS            0.0               0.0     0.0      0.0
SINCE 7/1         0.0                 T     0.0      0.0
SNOWDEPTH AVG.      0                                  0
DAYS >= TRACE       0               0.0     0.0        0
DAYS >= 1.0         0               0.0     0.0        0
GREATEST
 SNOW DEPTH         0                                  0
 24 HR TOTAL      0.0

DEGREE_DAYS
HEATING TOTAL       0                 0       0        0
 SINCE 7/1        635              1280    -645      755
COOLING TOTAL     461               495     -34      584
 SINCE 1/1       1216              1114     102     1364
.................................................

WIND (MPH)
AVERAGE WIND SPEED              8.1
HIGHEST WIND SPEED/DIRECTION    38/260    DATE  06/18
HIGHEST GUST SPEED/DIRECTION    51/260    DATE  06/18

SKY COVER
POSSIBLE SUNSHINE (PERCENT)
AVERAGE SKY COVER           0.60
NUMBER OF DAYS FAIR            1
NUMBER OF DAYS PC             19
NUMBER OF DAYS CLOUDY         10

AVERAGE RH (PERCENT)     79

WEATHER CONDITIONS. NUMBER OF DAYS WITH
THUNDERSTORM              0     MIXED PRECIP               0
HEAVY RAIN                9     RAIN                       9
LIGHT RAIN               20     FREEZING RAIN              0
LT FREEZING RAIN          0     HAIL                       0
HEAVY SNOW                0     SNOW                       0
LIGHT SNOW                0     SLEET                      0
FOG                      18     FOG W/VIS <= 1/4 MILE      0
HAZE                      5

-  INDICATES NEGATIVE NUMBERS.
R  INDICATES RECORD WAS SET OR TIED.
MM INDICATES DATA IS MISSING.
T  INDICATES TRACE AMOUNT.

$$
