000
CXUS55 KPSR 011304
CLMNYL

CLIMATE REPORT
NATIONAL WEATHER SERVICE PHOENIX AZ
544 AM MST THU JUN 1 2017

...................................

...THE YUMA AZ CLIMATE SUMMARY FOR THE MONTH OF MAY 2017...

CLIMATE NORMAL PERIOD 1981 TO 2010
CLIMATE RECORD PERIOD 1876 TO 2017

WEATHER         OBSERVED          NORMAL  DEPART
                 VALUE   DATE(S)  VALUE   FROM
                                          NORMAL
................................................
TEMPERATURE (F)
RECORD
 HIGH             120   05/30/1910
 LOW               39   05/02/1915
HIGHEST           109   05/24       107       2
                        05/23
LOWEST             56   05/16        56       0
                        05/07
AVG. MAXIMUM     93.9              95.3    -1.4
AVG. MINIMUM     65.6              67.3    -1.7
MEAN             79.8              81.3    -1.5
DAYS MAX >= 90     22              24.3    -2.3
DAYS MAX <= 32      0               0.0     0.0
DAYS MIN <= 32      0               0.0     0.0
DAYS MIN <= 0       0               0.0     0.0

PRECIPITATION (INCHES)
RECORD
 MAXIMUM         0.90   1912
 MINIMUM         0.00   2014
                        2013
                        2012
TOTALS           0.14              0.08    0.06
DAYS >= .01         2               0.4     1.6
DAYS >= .10         0               0.1    -0.1
DAYS >= .50         0               0.0     0.0
DAYS >= 1.00        0               0.0     0.0
GREATEST
 24 HR. TOTAL    0.08   05/10 TO 05/10

DEGREE_DAYS
HEATING TOTAL       0                 0       0
 SINCE 7/1        526               686    -160
COOLING TOTAL     464               506     -42
 SINCE 1/1       1068               912     156
.................................................

WIND (MPH)
AVERAGE WIND SPEED              7.1
HIGHEST GUST SPEED/DIRECTION    41/300    DATE  05/06

AVERAGE RH (PERCENT)     30

WEATHER CONDITIONS. NUMBER OF DAYS WITH
THUNDERSTORM              0     HEAVY RAIN                 0
RAIN                      0     LIGHT RAIN                 3
FOG W/VIS <= 1/4 MILE     0

-  INDICATES NEGATIVE NUMBERS.
R  INDICATES RECORD WAS SET OR TIED.
MM INDICATES DATA IS MISSING.
T  INDICATES TRACE AMOUNT.

$$
