000
CXUS55 KPSR 010855 RRA
CLMNYL

CLIMATE REPORT
NATIONAL WEATHER SERVICE PHOENIX AZ
154 AM MST MON JUN 1 2015

...................................

...THE YUMA AZ CLIMATE SUMMARY FOR THE MONTH OF MAY 2015...

CLIMATE NORMAL PERIOD 1981 TO 2010
CLIMATE RECORD PERIOD 1876 TO 2015

WEATHER         OBSERVED          NORMAL  DEPART
                 VALUE   DATE(S)  VALUE   FROM
                                          NORMAL
................................................
TEMPERATURE (F)
RECORD
 HIGH             120   05/30/1910
 LOW               39   05/02/1915
HIGHEST           106   05/31       107      -1
LOWEST             51   05/16        56      -5
AVG. MAXIMUM     89.5              95.3    -5.8
AVG. MINIMUM     64.9              67.3    -2.4
MEAN             77.2              81.3    -4.1
DAYS MAX >= 90     16              24.3    -8.3
DAYS MAX <= 32      0               0.0     0.0
DAYS MIN <= 32      0               0.0     0.0
DAYS MIN <= 0       0               0.0     0.0

PRECIPITATION (INCHES)
RECORD
 MAXIMUM         0.90   1912
 MINIMUM         0.00   2014
                        2013
                        2012
TOTALS           0.31              0.08    0.23
DAYS >= .01         1               0.4     0.6
DAYS >= .10         1               0.1     0.9
DAYS >= .50         0               0.0     0.0
DAYS >= 1.00        0               0.0     0.0
GREATEST
 24 HR. TOTAL    0.31   05/15 TO 05/15
                        05/14 TO 05/15
                        05/15 TO 05/15

DEGREE_DAYS
HEATING TOTAL       3                 0       3
 SINCE 7/1         86               686    -600
COOLING TOTAL     389               506    -117
 SINCE 1/1       1079               912     167
.................................................

WIND (MPH)
AVERAGE WIND SPEED              7.8
HIGHEST GUST SPEED/DIRECTION    32/280    DATE  05/22

AVERAGE RH (PERCENT)     36

WEATHER CONDITIONS. NUMBER OF DAYS WITH
THUNDERSTORM              0     HEAVY RAIN                 1
RAIN                      1     LIGHT RAIN                 1
FOG W/VIS <= 1/4 MILE     1

-  INDICATES NEGATIVE NUMBERS.
R  INDICATES RECORD WAS SET OR TIED.
MM INDICATES DATA IS MISSING.
T  INDICATES TRACE AMOUNT.

$$
