000
CXUS55 KPSR 010900
CLMNYL

CLIMATE REPORT
NATIONAL WEATHER SERVICE PHOENIX AZ
200 AM MST FRI APR 1 2016

...................................

...THE YUMA AZ CLIMATE SUMMARY FOR THE MONTH OF MARCH 2016...

CLIMATE NORMAL PERIOD 1981 TO 2010
CLIMATE RECORD PERIOD 1876 TO 2016

WEATHER         OBSERVED          NORMAL  DEPART
                 VALUE   DATE(S)  VALUE   FROM
                                          NORMAL
................................................
TEMPERATURE (F)
RECORD
 HIGH             102   03/21/2004
 LOW               31   03/15/1881
HIGHEST            92   03/20        93      -1
                        03/01
LOWEST             44   03/08        44       0
AVG. MAXIMUM     84.0              79.9     4.1
AVG. MINIMUM     55.9              54.4     1.5
MEAN             70.0              67.2     2.8
DAYS MAX >= 90     10               3.6     6.4
DAYS MAX <= 32      0               0.0     0.0
DAYS MIN <= 32      0               0.0     0.0
DAYS MIN <= 0       0               0.0     0.0

PRECIPITATION (INCHES)
RECORD
 MAXIMUM         3.33   1905
 MINIMUM         0.00   2011
                        2009
                        2008
TOTALS           0.00R             0.33   -0.33
DAYS >= .01         0               1.9    -1.9
DAYS >= .10         0               1.1    -1.1
DAYS >= .50         0               0.2    -0.2
DAYS >= 1.00        0               0.0     0.0
GREATEST
 24 HR. TOTAL    0.00

DEGREE_DAYS
HEATING TOTAL      21                50     -29
 SINCE 7/1        597               673     -76
COOLING TOTAL     180               117      63
 SINCE 1/1        316               153     163
.................................................

WIND (MPH)
AVERAGE WIND SPEED              6.4
HIGHEST GUST SPEED/DIRECTION    44/270    DATE  03/11

AVERAGE RH (PERCENT)     33

WEATHER CONDITIONS. NUMBER OF DAYS WITH
THUNDERSTORM              0     HEAVY RAIN                 0
RAIN                      0     LIGHT RAIN                 0
FOG W/VIS <= 1/4 MILE     0

-  INDICATES NEGATIVE NUMBERS.
R  INDICATES RECORD WAS SET OR TIED.
MM INDICATES DATA IS MISSING.
T  INDICATES TRACE AMOUNT.

$$
