000
CXUS53 KGID 011520
CLMODX


CLIMATE REPORT
NATIONAL WEATHER SERVICE HASTINGS NE
917 AM CST MON JAN 1 2018

...................................

...THE ORD NE CLIMATE SUMMARY FOR THE MONTH OF DECEMBER 2017...

CLIMATE NORMAL PERIOD 1981 TO 2010
CLIMATE RECORD PERIOD 1895 TO 2017

WEATHER         OBSERVED          NORMAL  DEPART  LAST YEAR`S
                 VALUE   DATE(S)  VALUE   FROM    VALUE
                                          NORMAL
.............................................................
TEMPERATURE (F)
HIGHEST            64   12/10        MM      MM       62
LOWEST            -15   12/27        MM      MM      -26
                        12/26
AVG. MAXIMUM     36.6              36.6     0.0     37.6
AVG. MINIMUM     14.1              13.2     0.9      9.3
MEAN             25.3              24.9     0.4     23.5
DAYS MAX >= 90      0               0.0     0.0        0
DAYS MAX <= 32     11
DAYS MIN <= 32     30              30.7    -0.7       31
DAYS MIN <= 0       6

PRECIPITATION (INCHES)
TOTALS           0.43              0.59   -0.16     0.41
DAILY AVG.       0.01              0.02   -0.01     0.01
DAYS >= .01         5                MM      MM        3
DAYS >= .10         2                MM      MM        1
DAYS >= .50         0                MM      MM        0
DAYS >= 1.00        0                MM      MM        0
GREATEST
 24 HR. TOTAL    0.19   12/23 TO 12/23

DEGREE_DAYS
HEATING TOTAL    1222
 SINCE 7/1       2567
COOLING TOTAL       0
 SINCE 1/1        840
..............................................................

WIND (MPH)
AVERAGE WIND SPEED              10.4
HIGHEST WIND SPEED/DIRECTION    47/320    DATE  12/04
HIGHEST GUST SPEED/DIRECTION    64/320    DATE  12/04

SKY COVER
POSSIBLE SUNSHINE (PERCENT)   MM
NUMBER OF DAYS FAIR           17
NUMBER OF DAYS PC              7
NUMBER OF DAYS CLOUDY          7

AVERAGE RH (PERCENT)     68

WEATHER CONDITIONS. NUMBER OF DAYS WITH
THUNDERSTORM              0     MIXED PRECIP               0
HEAVY RAIN                0     RAIN                       0
LIGHT RAIN                2     FREEZING RAIN              0
LT FREEZING RAIN          1     HAIL                       0
HEAVY SNOW                1     SNOW                       3
LIGHT SNOW               11     SLEET                      0
FOG                       6     FOG W/VIS <= 1/4 MILE      2
HAZE                      0

-  INDICATES NEGATIVE NUMBERS.
R  INDICATES RECORD WAS SET OR TIED.
MM INDICATES DATA IS MISSING.
T  INDICATES TRACE AMOUNT.

$$

KELLEY
