000
CXHW52 PHFO 020222
CLMOGG


CLIMATE REPORT
NATIONAL WEATHER SERVICE HONOLULU HI
422 PM HST MON DEC 1 2014

...................................

...THE KAHULUI HI CLIMATE SUMMARY FOR THE MONTH OF NOVEMBER 2014...

CLIMATE NORMAL PERIOD 1981 TO 2010
CLIMATE RECORD PERIOD 1946 TO 2014

WEATHER         OBSERVED          NORMAL  DEPART  LAST YEAR`S
                 VALUE   DATE(S)  VALUE   FROM    VALUE  DATE(S)
                                          NORMAL
................................................................
TEMPERATURE (F)
RECORD
 HIGH              93   11/27/2005
                        11/07/1990
                        11/07/1984
 LOW               17   11/29/2007
HIGHEST            91   11/04        84       7       90  11/08
LOWEST             63   11/23        68      -5       58  11/12
                        11/12
                        11/10
AVG. MAXIMUM     84.5              84.1     0.4     84.3
AVG. MINIMUM     68.9              68.0     0.9     66.9
MEAN             76.7              76.0     0.7     75.6
DAYS MAX >= 90      1               0.6     0.4        1
DAYS MAX <= 32      0               0.0     0.0        0
DAYS MIN <= 32      0               0.0     0.0        0
DAYS MIN <= 0       0               0.0     0.0        0

PRECIPITATION (INCHES)
RECORD
 MAXIMUM         9.27   1965
 MINIMUM            T   2004
TOTALS           1.00              2.20   -1.20     4.64
DAILY AVG.       0.03              0.07   -0.04     0.15
DAYS >= .01        12               9.7     2.3        9
DAYS >= .10         5               4.0     1.0        3
DAYS >= .50         0               1.1    -1.1        2
DAYS >= 1.00        0               0.6    -0.6        1
GREATEST
 24 HR. TOTAL    0.29   11/16 TO 11/16              3.55

SNOWFALL (INCHES)
RECORDS
 TOTAL             MM   5
TOTALS            0.0               0.0     0.0      0.0
SINCE 7/1         0.0               0.0     0.0      0.0
SNOWDEPTH AVG.      0                MM      MM        0
DAYS >= 1.0         0               0.0     0.0        0
GREATEST
 SNOW DEPTH         0   MM                             0  MM
 24 HR TOTAL      0.0   11/30 TO 11/30               0.0

DEGREE_DAYS
HEATING TOTAL       0                 0       0        0
 SINCE 7/1          0                 0       0        0
COOLING TOTAL     358               331      27      325
 SINCE 1/1       4194              3707     487     3978
.................................................................

WIND (MPH)
AVERAGE WIND SPEED              10.2
HIGHEST WIND SPEED/DIRECTION    30/070    DATE  11/02
HIGHEST GUST SPEED/DIRECTION    38/070    DATE  11/21

SKY COVER
POSSIBLE SUNSHINE (PERCENT)   MM
AVERAGE SKY COVER           0.50
NUMBER OF DAYS FAIR           13
NUMBER OF DAYS PC             14
NUMBER OF DAYS CLOUDY          3

AVERAGE RH (PERCENT)     69

WEATHER CONDITIONS. NUMBER OF DAYS WITH
THUNDERSTORM              0     MIXED PRECIP               0
HEAVY RAIN                1     RAIN                       2
LIGHT RAIN               15     FREEZING RAIN              0
LT FREEZING RAIN          0     HAIL                       0
HEAVY SNOW                0     SNOW                       0
LIGHT SNOW                0     SLEET                      0
FOG                       8     FOG W/VIS <= 1/4 MILE      0
HAZE                      5

-  INDICATES NEGATIVE NUMBERS.
R  INDICATES RECORD WAS SET OR TIED.
MM INDICATES DATA IS MISSING.
T  INDICATES TRACE AMOUNT.

$$
