000
CXUS53 KEAX 010727 RRB
CLMOJC

STLCLMWK4 000
TTAA00 KEAX 010723


CLIMATE REPORT
NATIONAL WEATHER SERVICE KANSAS CITY/PLEASANT HILL MO
223 AM CDT SAT OCT 1 2016

...................................

...THE JOHNSON COUNTY EXECUTIVE CLIMATE SUMMARY FOR THE MONTH OF SEPTEMBER 2016...

CLIMATE NORMAL PERIOD 1981 TO 2010
CLIMATE RECORD PERIOD 9999 TO 9999

WEATHER         OBSERVED          NORMAL  DEPART  LAST YEAR`S
                 VALUE   DATE(S)  VALUE   FROM    VALUE  DATE(S)
                                          NORMAL
................................................................
TEMPERATURE (F)
HIGHEST            89   09/20        92      -3       91  09/06
                        09/06
LOWEST             48   09/29        42       6       50  09/12
AVG. MAXIMUM     79.8              78.7     1.1     80.7
AVG. MINIMUM     61.3              58.5     2.8     62.1
MEAN             70.6              68.6     2.0     71.4
DAYS MAX >= 90      0               3.1    -3.1        1
DAYS MAX <= 32      0               0.0     0.0        0
DAYS MIN <= 32      0               0.0     0.0        0
DAYS MIN <= 0       0               0.0     0.0        0

PRECIPITATION (INCHES)
TOTALS           3.37              4.51   -1.14     2.67
DAILY AVG.       0.11              0.15   -0.04     0.09
DAYS >= .01         7               8.1    -1.1        4
DAYS >= .10         6               5.4     0.6        3
DAYS >= .50         1               2.7    -1.7        3
DAYS >= 1.00        1               1.4    -0.4        1
GREATEST
 24 HR. TOTAL    1.77   09/09 TO 09/10

DEGREE_DAYS
HEATING TOTAL      20                48     -28       16
 SINCE 7/1         20                49     -29       18
COOLING TOTAL     194               156      38      215
 SINCE 1/1       1413              1321      92     1333
.................................................................

WIND (MPH)
AVERAGE WIND SPEED              7.5
HIGHEST WIND SPEED/DIRECTION    39/320    DATE  09/09
HIGHEST GUST SPEED/DIRECTION    53/320    DATE  09/09

SKY COVER
POSSIBLE SUNSHINE (PERCENT)   MM
AVERAGE SKY COVER           0.20
NUMBER OF DAYS FAIR           25
NUMBER OF DAYS PC              5
NUMBER OF DAYS CLOUDY          0

AVERAGE RH (PERCENT)     74

WEATHER CONDITIONS. NUMBER OF DAYS WITH
THUNDERSTORM              0     MIXED PRECIP               0
HEAVY RAIN                3     RAIN                       5
LIGHT RAIN                7     FREEZING RAIN              0
LT FREEZING RAIN          0     HAIL                       0
HEAVY SNOW                0     SNOW                       0
LIGHT SNOW                0     SLEET                      0
FOG                      10     FOG W/VIS <= 1/4 MILE      1
HAZE                      3

-  INDICATES NEGATIVE NUMBERS.
R  INDICATES RECORD WAS SET OR TIED.
MM INDICATES DATA IS MISSING.
T  INDICATES TRACE AMOUNT.

$$
