000
CXUS54 KOUN 011237
CLMOKC

CLIMATE REPORT
NATIONAL WEATHER SERVICE NORMAN OK
725 AM CDT TUE SEP 1 2015

...................................

...THE OKLAHOMA CITY CLIMATE SUMMARY FOR THE MONTH OF AUGUST 2015...

CLIMATE NORMAL PERIOD 1981 TO 2010
CLIMATE RECORD PERIOD 1890 TO 2015

WEATHER         OBSERVED          NORMAL  DEPART  LAST YEAR`S
                 VALUE   DATE(S)  VALUE   FROM    VALUE
                                          NORMAL
.............................................................
TEMPERATURE (F)
RECORD
 HIGH             113   08/03/2012
                        08/11/1936
                        54/01/2206
 LOW               49   08/30/1915
                        08/23/1891
HIGHEST           102   08/07       102       0      101
LOWEST             50   08/20        60     -10       65
AVG. MAXIMUM     90.4              93.4    -3.0     94.9
AVG. MINIMUM     68.5              71.3    -2.8     69.1
MEAN             79.5              82.4    -2.9     82.0
DAYS MAX >= 90     21              22.9    -1.9       27
DAYS MAX <= 32      0               0.0     0.0        0
DAYS MIN <= 32      0               0.0     0.0        0
DAYS MIN <= 0       0               0.0     0.0        0

PRECIPITATION (INCHES)
RECORD
 MAXIMUM         9.95   2008
 MINIMUM         0.00   2000
TOTALS           1.17              3.28   -2.11     0.82
DAILY AVG.       0.04              0.11   -0.07     0.03
DAYS >= .01         4               6.7    -2.7        2
DAYS >= .10         3               4.9    -1.9        2
DAYS >= .50         1               2.2    -1.2        1
DAYS >= 1.00        0               1.1    -1.1        0
GREATEST
 24 HR. TOTAL    0.52   08/04 TO 08/04

DEGREE_DAYS
COOLING TOTAL     457               538     -81      534
 SINCE 1/1       1580              1737    -157     1673
..............................................................

WIND (MPH)
AVERAGE WIND SPEED              8.9
HIGHEST WIND SPEED/DIRECTION    32/360    DATE  08/19
HIGHEST GUST SPEED/DIRECTION    39/010    DATE  08/19


WEATHER CONDITIONS. NUMBER OF DAYS WITH
THUNDERSTORM              0     MIXED PRECIP               0
HEAVY RAIN                1     RAIN                       2
LIGHT RAIN                9     FREEZING RAIN              0
LT FREEZING RAIN          0     HAIL                       0
HEAVY SNOW                0     SNOW                       0
LIGHT SNOW                0     SLEET                      0
FOG                       5     FOG W/VIS <= 1/4 MILE      0
HAZE                      2

-  INDICATES NEGATIVE NUMBERS.
R  INDICATES RECORD WAS SET OR TIED.
MM INDICATES DATA IS MISSING.
T  INDICATES TRACE AMOUNT.

...............................................................
RECORDS/REMARKS
RECORD LOW TEMPERATURE OF 50 DEGREES SET ON THE 20TH.
THERE WERE THREE DAYS WITH A MAX TEMPERATURE OF 100 DEGREES OR MORE.
JAN-AUG 2015 PRECIPITATION TOTAL IS 42.91 INCHES.

$$
