807
CXAK59 PAFG 011224
CLMOME


CLIMATE REPORT
NATIONAL WEATHER SERVICE FAIRBANKS, AK
418 AM AKDT FRI SEP 1 2017

...................................

...THE NOME AK CLIMATE SUMMARY FOR THE MONTH OF AUGUST 2017...

CLIMATE NORMAL PERIOD 1981 TO 2010
CLIMATE RECORD PERIOD 1906 TO 2017

WEATHER         OBSERVED          NORMAL  DEPART  LAST YEAR`S
                 VALUE   DATE(S)  VALUE   FROM    VALUE  DATE(S)
                                          NORMAL
................................................................
TEMPERATURE (F)
RECORD
 HIGH              83   08/08/1966
 LOW               23   08/30/1913
HIGHEST            68   08/09        MM      MM       72  08/31
LOWEST             32   08/20        MM      MM       35  08/25
AVG. MAXIMUM     55.7              55.9    -0.2     60.0
AVG. MINIMUM     42.3              44.3    -2.0     47.4
MEAN             49.0              50.1    -1.1     53.7
DAYS MAX >= 90      0               0.0     0.0        0
DAYS MAX <= 32      0               0.0     0.0        0
DAYS MIN <= 32      1               1.0     0.0        0
DAYS MIN <= 0       0               0.0     0.0        0

PRECIPITATION (INCHES)
RECORD
 MAXIMUM         8.59   1998
 MINIMUM         0.40   1971
TOTALS           1.77              3.22   -1.45     3.03
DAILY AVG.       0.06              0.10   -0.04     0.10
DAYS >= .01         9              15.5    -6.5       13
DAYS >= .10         5               8.3    -3.3        7
DAYS >= .50         1               1.8    -0.8        2
DAYS >= 1.00        0               0.3    -0.3        0
GREATEST
 24 HR. TOTAL    0.64   08/11 TO 08/11           08/19 TO 08/20

SNOWFALL (INCHES)
RECORDS
 TOTAL            0.1   1965
 24 HR TOTAL       MM
 SNOW DEPTH         0   MM
TOTALS            0.0               0.0     0.0      0.0
SINCE 7/1         0.0               0.0     0.0      0.0
SNOWDEPTH AVG.      0                 0       0        0
DAYS >= TRACE       0               0.0     0.0        0
DAYS >= 1.0         0               0.0     0.0        0
GREATEST
 SNOW DEPTH         0   MM                             0  MM
 24 HR TOTAL      0.0   08/31 TO 08/31           08/01 TO 08/01

DEGREE_DAYS
HEATING TOTAL     487               462      25      321
 SINCE 7/1        846               860     -14      685
COOLING TOTAL       0                 0       0        0
 SINCE 1/1          4                 3       1        0
..................................................

WIND (MPH)
AVERAGE WIND SPEED              9.0
HIGHEST WIND SPEED/DIRECTION    30/010    DATE  08/12
HIGHEST GUST SPEED/DIRECTION    36/360    DATE  08/12

SKY COVER
AVERAGE SKY COVER           0.60


WEATHER CONDITIONS. NUMBER OF DAYS WITH
THUNDERSTORM              0     MIXED PRECIP               0
HEAVY RAIN                0     RAIN                       3
LIGHT RAIN               15     FREEZING RAIN              0
LT FREEZING RAIN          0     HAIL                       0
HEAVY SNOW                0     SNOW                       0
LIGHT SNOW                0     SLEET                      0
FOG                       9     FOG W/VIS <= 1/4 MILE      0
HAZE                      0

-  INDICATES NEGATIVE NUMBERS.
R  INDICATES RECORD WAS SET OR TIED.
MM INDICATES DATA IS MISSING.
T  INDICATES TRACE AMOUNT.

$$
