000
CXUS53 KDDC 011453
CLMP28


CLIMATE REPORT
NATIONAL WEATHER SERVICE DODGE CITY KS
842 AM CST WED FEB 1 2017

...................................

...THE MEDICINE LODGE KS CLIMATE SUMMARY FOR THE MONTH OF JANUARY 2017...

CLIMATE NORMAL PERIOD 1981 TO 2010
CLIMATE RECORD PERIOD 1893 TO 2017

WEATHER         OBSERVED          NORMAL  DEPART  LAST YEAR`S
                 VALUE   DATE(S)  VALUE   FROM    VALUE  DATE(S)
                                          NORMAL
................................................................
TEMPERATURE (F)
RECORD
 HIGH              82   01/27/2015
                        01/22/1967
                        01/05/1927
 LOW              -20   01/15/1905
HIGHEST            73   01/30        MM      MM       67  01/29
                                                          01/28
LOWEST              2   01/07        MM      MM        9  01/10
AVG. MAXIMUM     47.5              45.3     2.2     45.1
AVG. MINIMUM     23.8              21.6     2.2     23.2
MEAN             35.7              33.4     2.3     34.1
DAYS MAX >= 90      0               0.0     0.0        0
DAYS MAX <= 32      5               5.8    -0.8        7
DAYS MIN <= 32     28              28.0     0.0       28
DAYS MIN <= 0       0               0.2    -0.2        0

PRECIPITATION (INCHES)
RECORD
 MAXIMUM         2.56   1949
 MINIMUM         0.00   1893
TOTALS           3.70R             0.71    2.99     0.51
DAYS >= .01         7               4.2     2.8        4
DAYS >= .10         4               1.9     2.1        1
DAYS >= .50         3               0.5     2.5        0
DAYS >= 1.00        1               0.1     0.9        0
GREATEST
 24 HR. TOTAL    2.22   01/14 TO 01/15           01/06 TO 01/07

DEGREE_DAYS
HEATING TOTAL     903               978     -75      948
 SINCE 7/1       2460              2777    -317     2283
COOLING TOTAL       0                 0       0        0
 SINCE 1/1          0                 0       0        0
.........................................................

WIND (MPH)
AVERAGE WIND SPEED              8.9
HIGHEST WIND SPEED/DIRECTION    31/330    DATE  01/10
HIGHEST GUST SPEED/DIRECTION    40/320    DATE  01/10



-  INDICATES NEGATIVE NUMBERS.
R  INDICATES RECORD WAS SET OR TIED.
MM INDICATES DATA IS MISSING.
T  INDICATES TRACE AMOUNT.

$$
