000
CXUS52 KMFL 011359 RRA
CLMPBI

CLIMATE REPORT
NATIONAL WEATHER SERVICE MIAMI, FL
954 AM EDT TUE SEP 1 2015

...................................

...THE WEST PALM BEACH CLIMATE SUMMARY FOR THE MONTH OF AUGUST 2015...

CLIMATE NORMAL PERIOD 1981 TO 2010
CLIMATE RECORD PERIOD 1888 TO 2015

WEATHER         OBSERVED          NORMAL  DEPART  LAST YEAR`S
                 VALUE   DATE(S)  VALUE   FROM    VALUE
                                          NORMAL
.............................................................
TEMPERATURE (F)
RECORD
 HIGH              99   08/13/2006
                        08/25/1924
 LOW               65   08/24/1957
                        08/03/1920
HIGHEST            93   08/25                         94
                        08/22
                        08/12
LOWEST             72   08/04                         73
AVG. MAXIMUM     90.5              90.1     0.4     91.5
AVG. MINIMUM     75.4              75.9    -0.5     77.0
MEAN             83.0              83.0     0.0     84.2
DAYS MAX >= 90     26                                 28
DAYS MAX <= 32      0                                  0
DAYS MIN <= 32      0                                  0
DAYS MIN <= 0       0                                  0

PRECIPITATION (INCHES)
RECORD
 MAXIMUM        22.66   2012
 MINIMUM         0.91   1938
TOTALS           7.08              7.95   -0.87     9.71
DAILY AVG.       0.23              0.26   -0.03     0.31
DAYS >= .01        17                                 17
DAYS >= .10        11                                 13
DAYS >= .50         5                                  7
DAYS >= 1.00        2                                  4
GREATEST
 24 HR. TOTAL    2.01   08/10 TO 08/10              2.39

DEGREE_DAYS
HEATING TOTAL       0                 0       0        0
 SINCE 7/1          0                 0       0        0
COOLING TOTAL     565               558       7      604
 SINCE 1/1       3214              2706     508     3008
..............................................................

WIND (MPH)
AVERAGE WIND SPEED              6.8
HIGHEST WIND SPEED/DIRECTION    32/050    DATE  08/28
HIGHEST GUST SPEED/DIRECTION    40/050    DATE  08/28

SKY COVER
POSSIBLE SUNSHINE (PERCENT)   MM
AVERAGE SKY COVER           0.60
NUMBER OF DAYS FAIR            0
NUMBER OF DAYS PC             27
NUMBER OF DAYS CLOUDY          4

AVERAGE RH (PERCENT)     76

WEATHER CONDITIONS. NUMBER OF DAYS WITH
THUNDERSTORM             24     MIXED PRECIP               0
HEAVY RAIN                7     RAIN                       8
LIGHT RAIN               19     FREEZING RAIN              0
LT FREEZING RAIN          0     HAIL                       0
HEAVY SNOW                0     SNOW                       0
LIGHT SNOW                0     SLEET                      0
FOG                      13     FOG W/VIS <= 1/4 MILE      0
HAZE                      4

-  INDICATES NEGATIVE NUMBERS.
R  INDICATES RECORD WAS SET OR TIED.
MM INDICATES DATA IS MISSING.
T  INDICATES TRACE AMOUNT.

$$
