000
CXUS55 KPSR 020237 CCA
CLMPHX

CLIMATE REPORT
NATIONAL WEATHER SERVICE PHOENIX AZ
201 AM MST TUE SEP 1 2015

...................................

...THE PHOENIX AZ CLIMATE SUMMARY FOR THE MONTH OF AUGUST 2015...

CLIMATE NORMAL PERIOD 1981 TO 2010
CLIMATE RECORD PERIOD 1895 TO 2015

WEATHER         OBSERVED          NORMAL  DEPART
                 VALUE   DATE(S)  VALUE   FROM
                                          NORMAL
................................................
TEMPERATURE (F)
RECORD
 HIGH             117   08/14/2015
                        08/26/2011
 LOW               58   08/20/1917
HIGHEST           117R  08/14       113       4
LOWEST             76   08/11        74       2
AVG. MAXIMUM    107.7             104.4     3.3
AVG. MINIMUM     85.6              82.7     2.9
MEAN             96.6              93.6     3.0
DAYS MAX >= 90     31              30.6     0.4
DAYS MAX <= 32      0               0.0     0.0
DAYS MIN <= 32      0               0.0     0.0
DAYS MIN <= 0       0               0.0     0.0

PRECIPITATION (INCHES)
RECORD
 MAXIMUM         5.33   1951
 MINIMUM         0.00   1973
                        1975
TOTALS           1.29              1.00    0.29
DAYS >= .01         6               5.0     1.0
DAYS >= .10         5               2.2     2.8
DAYS >= .50         0               0.7    -0.7
DAYS >= 1.00        0               0.1    -0.1
GREATEST
 24 HR. TOTAL    0.72   07/31 TO 08/01

DEGREE_DAYS
HEATING TOTAL       0                 0       0
 SINCE 7/1          0                 0       0
COOLING TOTAL     989               885     104
 SINCE 1/1       3816              3469     347
.................................................

WIND (MPH)
AVERAGE WIND SPEED              7.1
HIGHEST GUST SPEED/DIRECTION    61/310    DATE  08/31

AVERAGE RH (PERCENT)     33

WEATHER CONDITIONS. NUMBER OF DAYS WITH
THUNDERSTORM              9     HEAVY RAIN                 4
RAIN                      6     LIGHT RAIN                 7
FOG W/VIS <= 1/4 MILE     0

-  INDICATES NEGATIVE NUMBERS.
R  INDICATES RECORD WAS SET OR TIED.
MM INDICATES DATA IS MISSING.
T  INDICATES TRACE AMOUNT.

$$
