000
CXUS53 KILX 011659
CLMPIA


CLIMATE REPORT
NATIONAL WEATHER SERVICE LINCOLN IL
1053 AM CDT SAT AUG 1 2015

...................................

...THE PEORIA IL CLIMATE SUMMARY FOR THE MONTH OF JULY 2015...

CLIMATE NORMAL PERIOD 1981 TO 2010
CLIMATE RECORD PERIOD 1883 TO 2015

WEATHER         OBSERVED          NORMAL  DEPART  LAST YEAR`S
                 VALUE   DATE(S)  VALUE   FROM    VALUE
                                          NORMAL
.............................................................
TEMPERATURE (F)
RECORD
 HIGH             113   07/15/1936
 LOW               46   07/26/1911
HIGHEST            94   07/17        86       8       91
                        07/13
LOWEST             58   07/08        65      -7       55
AVG. MAXIMUM     85.1              85.6    -0.5     81.7
AVG. MINIMUM     67.7              65.5     2.2     62.6
MEAN             76.4              75.5     0.9     72.2
DAYS MAX >= 90      8               7.2     0.8        2
DAYS MAX <= 32      0               0.0     0.0        0
DAYS MIN <= 32      0               0.0     0.0        0
DAYS MIN <= 0       0               0.0     0.0        0

PRECIPITATION (INCHES)
RECORD
 MAXIMUM        10.15   1993
 MINIMUM         0.33   1988
TOTALS           5.84              3.85    1.99     1.49
DAILY AVG.       0.19              0.12    0.07     0.05
DAYS >= .01        11               9.1     1.9       10
DAYS >= .10         7               5.9     1.1        5
DAYS >= .50         3               2.6     0.4        0
DAYS >= 1.00        3               1.2     1.8        0
GREATEST
 24 HR. TOTAL    2.15   07/11 TO 07/11              0.42
                        07/10 TO 07/11
                        07/11 TO 07/11

SNOWFALL (INCHES)
RECORDS
 TOTAL            0.0   MM
TOTALS            0.0               0.0     0.0      0.0
SINCE 7/1         0.0               0.0     0.0      0.0
DAYS >= 1.0         0               0.0     0.0        0
GREATEST
 SNOW DEPTH         0   MM                             0
 24 HR TOTAL      0.0   MM                           0.0

DEGREE_DAYS
HEATING TOTAL       5                 1       4        2
 SINCE 7/1          5                 1       4        2
COOLING TOTAL     368               328      40      232
 SINCE 1/1        810               631     179      682
..............................................................

WIND (MPH)
AVERAGE WIND SPEED              5.6
HIGHEST WIND SPEED/DIRECTION    25/280    DATE  07/19
HIGHEST GUST SPEED/DIRECTION    32/280    DATE  07/19

SKY COVER
POSSIBLE SUNSHINE (PERCENT)   MM
AVERAGE SKY COVER           0.30
NUMBER OF DAYS FAIR           22
NUMBER OF DAYS PC              9
NUMBER OF DAYS CLOUDY          0

AVERAGE RH (PERCENT)     71

WEATHER CONDITIONS. NUMBER OF DAYS WITH
THUNDERSTORM              5     MIXED PRECIP               0
HEAVY RAIN                5     RAIN                       6
LIGHT RAIN               12     FREEZING RAIN              0
LT FREEZING RAIN          0     HAIL                       0
HEAVY SNOW                0     SNOW                       0
LIGHT SNOW                0     SLEET                      0
FOG                      18     FOG W/VIS <= 1/4 MILE      4
HAZE                     18

-  INDICATES NEGATIVE NUMBERS.
R  INDICATES RECORD WAS SET OR TIED.
MM INDICATES DATA IS MISSING.
T  INDICATES TRACE AMOUNT.

&&

RECORDS ESTABLISHED DURING JULY 2015:
-SET RECORD COOL HIGH ON JULY 8TH WITH A HIGH OF 62 DEGREES
-SET DAILY MAXIMUM RAINFALL FOR JULY 11TH WITH 2.15 INCHES OF RAIN

$$
