000
CXUS54 KMOB 061654
CLMPNS


CLIMATE REPORT
NATIONAL WEATHER SERVICE MOBILE AL
1045 AM CST WED DEC 6 2017

...................................

...THE PENSACOLA CLIMATE SUMMARY FOR THE MONTH OF SEPTEMBER 2017...

CLIMATE NORMAL PERIOD 1981 TO 2010
CLIMATE RECORD PERIOD 1879 TO 2017

WEATHER         OBSERVED          NORMAL  DEPART  LAST YEAR`S
                 VALUE   DATE(S)  VALUE   FROM    VALUE  DATE(S)
                                          NORMAL
................................................................
TEMPERATURE (F)
RECORD
 HIGH             102   09/05/1925
 LOW               43   09/29/1967
HIGHEST            95   09/30                         97  09/24
                        09/29
                        09/28
LOWEST             62   09/13                         58  09/30
AVG. MAXIMUM     88.5              86.5     2.0     89.8
AVG. MINIMUM     72.6              70.3     2.3     74.0
MEAN             80.5              78.4     2.1     81.9
DAYS MAX >= 90     15               6.3     8.7       16
DAYS MAX <= 32      0               0.0     0.0        0
DAYS MIN <= 32      0               0.0     0.0        0
DAYS MIN <= 0       0               0.0     0.0        0

PRECIPITATION (INCHES)
RECORD
 MAXIMUM        19.71   1998
 MINIMUM         0.29   1904
TOTALS           3.01              5.98   -2.97     3.36
DAILY AVG.       0.10              0.20   -0.10     0.11
DAYS >= .01        12               8.8     3.2        8
DAYS >= .10         4               6.0    -2.0        4
DAYS >= .50         2               3.1    -1.1        2
DAYS >= 1.00        2               2.0     0.0        2
GREATEST
 24 HR. TOTAL    1.22   09/03 TO 09/03

DEGREE_DAYS
COOLING TOTAL     474               403      71      516
 SINCE 1/1       2953              2370     583     2819
.................................................................

WIND (MPH)
AVERAGE WIND SPEED              6.3
HIGHEST WIND SPEED/DIRECTION    28/320    DATE  09/11
HIGHEST GUST SPEED/DIRECTION    43/320    DATE  09/11

SKY COVER
POSSIBLE SUNSHINE (PERCENT)
AVERAGE SKY COVER           0.20
NUMBER OF DAYS FAIR           24
NUMBER OF DAYS PC              5
NUMBER OF DAYS CLOUDY          1

AVERAGE RH (PERCENT)     67

WEATHER CONDITIONS. NUMBER OF DAYS WITH
THUNDERSTORM              5     MIXED PRECIP               0
HEAVY RAIN                4     RAIN                       3
LIGHT RAIN                8     FREEZING RAIN              0
LT FREEZING RAIN          0     HAIL                       0
HEAVY SNOW                0     SNOW                       0
LIGHT SNOW                0     SLEET                      0
FOG                       9     FOG W/VIS <= 1/4 MILE      0
HAZE                     13

-  INDICATES NEGATIVE NUMBERS.
R  INDICATES RECORD WAS SET OR TIED.
MM INDICATES DATA IS MISSING.
T  INDICATES TRACE AMOUNT.

$$
