000
CXUS56 KPDT 011641
CLMPSC

CLIMATE REPORT
NATIONAL WEATHER SERVICE PENDLETON OREGON
936 AM PDT THU SEP 01 2016

....................................

...THE PASCO WA CLIMATE SUMMARY FOR THE MONTH OF AUGUST 2016...

CLIMATE NORMAL PERIOD 1981 TO 2010
CLIMATE RECORD PERIOD 1942 TO 2016

WEATHER         OBSERVED          NORMAL  DEPART  LAST YEAR`S
                 VALUE   DATE(S)  VALUE   FROM    VALUE  DATE(S)
                                          NORMAL

................................................................

TEMPERATURE (F)
RECORD
 HIGH             111   8/ 4/1998
 LOW               40   8/31/2008
HIGHEST           100   8/21       45        55           104   8/12
LOWEST             47   8/23       15        32            47   8/23
AVG. MAXIMUM     91.3            89.9       1.4          91.3
AVG. MINUMUM     55.4            55.5      -0.1          56.4
MEAN             73.4            72.7       0.7          73.8
DAYS MAX >= 90     18               8        10            17
DAYS MAX <= 32      0              18       -18             0
DAYS MIN <= 32      0              18       -18             0
DAYS MIN <= 0       0              18       -18             0


PRECIPITATION (INCHES)
RECORD
 MAXIMUM          0.47   2014
 MINIMUM          0.01   2006
TOTALS            0.04            0.27     -0.23          0.03
DAILY AVG.        0.00            0.01     -0.01          0.00
DAYS >=  0.01        1               1         0             1
DAYS >=  0.10        0               0         0             0
DAYS >=  0.50        0               0         0             0
DAYS >=  1.00        0               0         0             0
GREATEST
 24 HR. TOTAL     0.04   8/ 8



SNOWFALL (INCHES)
RECORD
 MAXIMUM           0.0   2015
 MINIMUM           0.0   2015
TOTALS             0.0             0.0       0.0           0.0
SINCE 7/1          0.0             0.0       0.0           0.0
DAYS >=  TRACE                       0         0
DAYS >=  1.0         0               0         0             0
GREATEST
 24 HR. TOTAL      0.0   8/31


DEGREE DAYS
HEATING TOTAL        0               6        -6             0
 SINCE 7/1           0               7        -7             0
COOLING TOTAL      266             247        19           280
 SINCE 1/1         751             655        96          1073

.............................................................

WIND (MPH)
AVERAGE WIND SPEED                     5.8
RESULTANT WIND SPEED/DIRECTION         4/200
HIGHEST WIND SPEED/DIRECTION          32/220      DATE          08/02
HIGHEST GUST SPEED/DIRECTION          40/210      DATE          08/02


WEATHER CONDITIONS. NUMBER OF DAYS WITH
THUNDERSTORM               0    MIXED PRECIP                        0
HEAVY RAIN                 0    RAIN                                0
LIGHT RAIN                 1    FREEZING RAIN                       0
LT FREEZING RAIN           0    HAIL                                0
HEAVY SNOW                 0    SNOW                                0
LIGHT SNOW                 0    SLEET                               0
FOG                        0    FOG W/VIS <=1/4 MILE                0
HAZE                       5

-  INDICATES NEGATIVE NUMBERS.
R  INDICATES RECORD WAS SET OR TIED.
MM INDICATES DATA IS MISSING.
T  INDICATES TRACE AMOUNT.

$$
