000
CXUS55 KPUB 020235
CLMPUB


CLIMATE REPORT
NATIONAL WEATHER SERVICE PUEBLO
830 PM MDT SAT JUL 1 2017

...................................

...THE PUEBLO CO CLIMATE SUMMARY FOR THE MONTH OF JUNE 2017...

CLIMATE NORMAL PERIOD 1981 TO 2010
CLIMATE RECORD PERIOD 1888 TO 2017

WEATHER         OBSERVED          NORMAL  DEPART  LAST YEAR`S
                 VALUE   DATE(S)  VALUE   FROM    VALUE  DATE(S)
                                          NORMAL
................................................................
TEMPERATURE (F)
RECORD
 HIGH             108   06/29/1990
 LOW               32   06/02/1919
HIGHEST           102   06/17        90      12      105  06/21
                        06/21
LOWEST             44   06/14        50      -6       49  06/16
AVG. MAXIMUM     89.2              87.2     2.0     92.8
AVG. MINIMUM     55.4              52.8     2.6     59.1
MEAN             72.3              70.0     2.3     76.0
DAYS MAX >= 90     15              13.0     2.0
DAYS MAX <= 32      0               0.0     0.0
DAYS MIN <= 32      0               0.0     0.0
DAYS MIN <= 0       0               0.0     0.0

PRECIPITATION (INCHES)
RECORD
 MAXIMUM         7.14   1921
 MINIMUM            T   1990
TOTALS           1.57              1.36    0.21     0.78
DAILY AVG.       0.05              0.05    0.00
DAYS >= .01         4               7.1    -3.1
DAYS >= .10         2               3.2    -1.2
DAYS >= .50         2               0.8     1.2
DAYS >= 1.00        0               0.1    -0.1
GREATEST
 24 HR. TOTAL    0.77   06/06

SNOWFALL (INCHES)
RECORDS
 TOTAL              T   2016
                        2014
                        2013
TOTALS            0.0               0.0     0.0        T
SINCE 7/1        28.2              31.8    -3.6     31.4
SNOWDEPTH AVG.      0
DAYS >= 1.0         0               0.0     0.0
GREATEST
 SNOW DEPTH         0                                  0
 24 HR TOTAL      0.0   06/30                          T

DEGREE_DAYS
HEATING TOTAL       5                25     -20        1
 SINCE 7/1       4543              5638   -1095     4624
COOLING TOTAL     233               175      58      339
 SINCE 1/1        243               209      34      369
.................................................................

WIND (MPH)
AVERAGE WIND SPEED              8.1
HIGHEST WIND SPEED/DIRECTION    39/270    DATE  06/26
HIGHEST GUST SPEED/DIRECTION    48/200    DATE  06/26

SKY COVER
POSSIBLE SUNSHINE (PERCENT)   MM
AVERAGE SKY COVER           0.20
NUMBER OF DAYS FAIR           24
NUMBER OF DAYS PC              4
NUMBER OF DAYS CLOUDY          2

AVERAGE RH (PERCENT)     48

WEATHER CONDITIONS. NUMBER OF DAYS WITH
THUNDERSTORM             10     MIXED PRECIP               0
HEAVY RAIN                2     RAIN                       3
LIGHT RAIN               10     FREEZING RAIN              0
LT FREEZING RAIN          0     HAIL                       0
HEAVY SNOW                0     SNOW                       0
LIGHT SNOW                0     SLEET                      0
FOG                       3     FOG W/VIS <= 1/4 MILE      0
HAZE                      0

-  INDICATES NEGATIVE NUMBERS.
R  INDICATES RECORD WAS SET OR TIED.
MM INDICATES DATA IS MISSING.
T  INDICATES TRACE AMOUNT.

$$
