000
CXUS56 KOTX 011509
CLMPUW


CLIMATE REPORT
NATIONAL WEATHER SERVICE SPOKANE, WA
702 AM PST THU FEB 1 2018

...................................

...THE PULLMAN-MOSCOW  AIRPORT CLIMATE SUMMARY FOR THE MONTH OF JANUARY 2018...

CLIMATE NORMAL PERIOD 1981 TO 2010
CLIMATE RECORD PERIOD 9999 TO 9999

WEATHER         OBSERVED          NORMAL  DEPART  LAST YEAR`S
                 VALUE   DATE(S)  VALUE   FROM    VALUE  DATE(S)
                                          NORMAL
................................................................
TEMPERATURE (F)
RECORD
 HIGH              58   01/26/2015
 LOW              -29   01/26/1957
HIGHEST            54   01/29        MM      MM       40  01/20
LOWEST             20   01/02        MM      MM       -5  01/14
                                                          01/12
                                                          01/05
AVG. MAXIMUM     42.3              36.5     5.8     28.2
AVG. MINIMUM     32.5              26.7     5.8     15.9
MEAN             37.4              31.6     5.8     22.0
DAYS MAX >= 90      0               0.0     0.0        0
DAYS MAX <= 32      3               8.4    -5.4       19
DAYS MIN <= 32     14              21.5    -7.5       28
DAYS MIN <= 0       0               0.6    -0.6        8

PRECIPITATION (INCHES)
RECORD
 MAXIMUM         8.60   1953
 MINIMUM         0.40   2005
TOTALS           2.19              1.82    0.37     1.50
DAILY AVG.       0.07              0.06    0.01     0.05
DAYS >= .01        14                MM      MM       12
DAYS >= .10         6                MM      MM        7
DAYS >= .50         1                MM      MM        0
DAYS >= 1.00        0                MM      MM        0
GREATEST
 24 HR. TOTAL    0.80   01/11 TO 01/11           01/08 TO 01/09
                                                          01/26 TO 01/26
                                                          01/26 TO 01/26

SNOWFALL (INCHES)
RECORDS
 TOTAL           39.3   MM
TOTALS             MM                MM      MM      0.0
SINCE 7/1          MM                MM      MM      0.0
SNOWDEPTH AVG.     MM                MM      MM        0
DAYS >= 1.0        MM                MM      MM        0
GREATEST
 SNOW DEPTH        MM                                  0  MM
 24 HR TOTAL       MM                            01/26 TO 01/26
                                                          01/26 TO 01/26
                                                          01/26 TO 01/26

DEGREE_DAYS
HEATING TOTAL     848              1035    -187     1324
 SINCE 7/1       3453              3859    -406     3902
COOLING TOTAL       0                 0       0        0
 SINCE 1/1          0                 0       0        0
.......................................................

WIND (MPH)
AVERAGE WIND SPEED              9.7
HIGHEST WIND SPEED/DIRECTION    37/240    DATE  01/27
HIGHEST GUST SPEED/DIRECTION    48/240    DATE  01/27

SKY COVER
POSSIBLE SUNSHINE (PERCENT)   MM
AVERAGE SKY COVER           0.70
NUMBER OF DAYS FAIR            5
NUMBER OF DAYS PC             12
NUMBER OF DAYS CLOUDY         14

AVERAGE RH (PERCENT)     82

WEATHER CONDITIONS. NUMBER OF DAYS WITH
THUNDERSTORM              0     MIXED PRECIP               0
HEAVY RAIN                0     RAIN                       2
LIGHT RAIN               19     FREEZING RAIN              1
LT FREEZING RAIN          1     HAIL                       0
HEAVY SNOW                0     SNOW                       0
LIGHT SNOW                7     SLEET                      0
FOG                      18     FOG W/VIS <= 1/4 MILE      5
HAZE                      2

-  INDICATES NEGATIVE NUMBERS.
R  INDICATES RECORD WAS SET OR TIED.
MM INDICATES DATA IS MISSING.
T  INDICATES TRACE AMOUNT.

$$
