000
CXUS51 KBOX 011328
CLMPVD


CLIMATE REPORT
NATIONAL WEATHER SERVICE TAUNTON MA
805 AM EST MON JAN 1 2018

...................................

...THE PROVIDENCE RI CLIMATE SUMMARY FOR THE MONTH OF DECEMBER 2017...

CLIMATE NORMAL PERIOD 1981 TO 2010
CLIMATE RECORD PERIOD 1904 TO 2017

WEATHER         OBSERVED          NORMAL  DEPART  LAST YEAR`S
                 VALUE   DATE(S)  VALUE   FROM    VALUE
                                          NORMAL
.............................................................
TEMPERATURE (F)
RECORD
 HIGH              77   12/07/1998
 LOW              -12   12/30/1917
HIGHEST            60   12/06
LOWEST              4   12/31
AVG. MAXIMUM     38.4              42.3    -3.9
AVG. MINIMUM     23.8              26.3    -2.5
MEAN             31.1              34.3    -3.2     34.9
DAYS MAX >= 90      0               0.0     0.0
DAYS MAX <= 32      9               4.7     4.3
DAYS MIN <= 32     27              23.3     3.7
DAYS MIN <= 0       0               0.0     0.0

PRECIPITATION (INCHES)
RECORD
 MAXIMUM        10.75   1969
 MINIMUM         0.58   1955
TOTALS           2.57              4.22   -1.65
DAYS >= .01        12              11.6     0.4
DAYS >= .10         6               7.2    -1.2
DAYS >= .50         1               2.8    -1.8        2
DAYS >= 1.00        0               1.2    -1.2
GREATEST
 24 HR. TOTAL    0.59   12/23 TO 12/23

SNOWFALL (INCHES)
RECORDS
 TOTAL           26.7   1945
 SNOW DEPTH        14   12/21/2009
TOTALS            7.1               8.7    -1.6
SINCE 7/1         7.1              10.2    -3.1
SNOWDEPTH AVG.      0
DAYS >= 1.0         3               2.2     0.8
GREATEST
 SNOW DEPTH         3   12/10
 24 HR TOTAL      2.8   12/09 TO 12/09

DEGREE_DAYS
HEATING TOTAL    1041               952      89
 SINCE 7/1       1855              2027    -172
COOLING TOTAL       0                 0       0
 SINCE 1/1        880               744     136
..............................................................

WIND (MPH)
AVERAGE WIND SPEED              7.7
RESULTANT WIND SPEED/DIRECTION   5/295
HIGHEST WIND SPEED/DIRECTION    35/190    DATE  12/06
HIGHEST GUST SPEED/DIRECTION    51/180    DATE  12/05

SKY COVER
POSSIBLE SUNSHINE (PERCENT)   MM
AVERAGE SKY COVER           0.50
NUMBER OF DAYS FAIR           10
NUMBER OF DAYS PC             12
NUMBER OF DAYS CLOUDY          9

AVERAGE RH (PERCENT)     69

WEATHER CONDITIONS. NUMBER OF DAYS WITH
THUNDERSTORM              0     MIXED PRECIP               0
HEAVY RAIN                1     RAIN                       5
LIGHT RAIN               10     FREEZING RAIN              0
LT FREEZING RAIN          3     HAIL                       0
HEAVY SNOW                1     SNOW                       3
LIGHT SNOW                9     SLEET                      1
FOG                      13     FOG W/VIS <= 1/4 MILE      1
HAZE                      0

-  INDICATES NEGATIVE NUMBERS.
R  INDICATES RECORD WAS SET OR TIED.
MM INDICATES DATA IS MISSING.
T  INDICATES TRACE AMOUNT.

$$
