896
CXUS55 KABQ 012113
CLMROW


CLIMATE REPORT
NATIONAL WEATHER SERVICE ALBUQUERQUE NM
313 PM MDT SUN OCT 1 2017

...................................

...THE ROSWELL NM CLIMATE SUMMARY FOR THE MONTH OF SEPTEMBER 2017...

CLIMATE NORMAL PERIOD 1981 TO 2010
CLIMATE RECORD PERIOD 1893 TO 2017

WEATHER         OBSERVED          NORMAL  DEPART  LAST YEAR`S
                 VALUE   DATE(S)  VALUE   FROM    VALUE  DATE(S)
                                          NORMAL
................................................................
TEMPERATURE (F)
RECORD
 HIGH             104   09/05/2012
                        09/04/2012
                        06/27/1924
 LOW               40   09/25/2000
HIGHEST            99   09/13        MM      MM       92  09/19
LOWEST             55   09/11        MM      MM       50  09/28
                        09/09
AVG. MAXIMUM     88.1              85.6     2.5     85.1
AVG. MINIMUM     60.7              58.5     2.2     59.7
MEAN             74.4              72.0     2.4     72.4
DAYS MAX >= 90     18               9.4     8.6       10
DAYS MAX <= 32      0               0.0     0.0        0
DAYS MIN <= 32      0               0.0     0.0        0
DAYS MIN <= 0       0               0.0     0.0        0

PRECIPITATION (INCHES)
RECORD
 MAXIMUM           MM   MM
 MINIMUM           MM   MM
TOTALS           2.18              1.53    0.65     1.21
DAILY AVG.       0.07              0.05    0.02     0.04
DAYS >= .01         7               6.0     1.0        7
DAYS >= .10         3               3.1    -0.1        4
DAYS >= .50         1               1.0     0.0        1
DAYS >= 1.00        1               0.3     0.7        0
GREATEST
 24 HR. TOTAL    1.57   09/23 TO 09/23              0.78

SNOWFALL (INCHES)
RECORDS
 TOTAL             MM   MM
TOTALS            0.0               0.0     0.0      0.0
SINCE 7/1         0.0               0.0     0.0      0.0
SNOWDEPTH AVG.      0                MM      MM        0
DAYS >= 1.0         0               0.0     0.0        0
GREATEST
 SNOW DEPTH         0   MM                             0  MM
 24 HR TOTAL      0.0   09/30 TO 09/30               0.0

DEGREE_DAYS
HEATING TOTAL       6                16     -10        2
 SINCE 7/1          6                16     -10        2
COOLING TOTAL     293               227      66      231
 SINCE 1/1       2084              1751     333     1986
.................................................................

WIND (MPH)
AVERAGE WIND SPEED              8.1
HIGHEST WIND SPEED/DIRECTION    37/150    DATE  09/25
HIGHEST GUST SPEED/DIRECTION    49/150    DATE  09/25

SKY COVER
AVERAGE SKY COVER           0.20

AVERAGE RH (PERCENT)     53

WEATHER CONDITIONS. NUMBER OF DAYS WITH
THUNDERSTORM              0     MIXED PRECIP               0
HEAVY RAIN                1     RAIN                       6
LIGHT RAIN                9     FREEZING RAIN              0
LT FREEZING RAIN          0     HAIL                       0
HEAVY SNOW                0     SNOW                       0
LIGHT SNOW                0     SLEET                      0
FOG                       8     FOG W/VIS <= 1/4 MILE      0
HAZE                      2

-  INDICATES NEGATIVE NUMBERS.
R  INDICATES RECORD WAS SET OR TIED.
MM INDICATES DATA IS MISSING.
T  INDICATES TRACE AMOUNT.

$$
