000
CXUS56 KSEW 011032
CLMSEW


CLIMATE REPORT
NATIONAL WEATHER SERVICE SEATTLE WA
332 AM PDT MON MAY 1 2017

...................................

...THE SEATTLE WA WFO CLIMATE SUMMARY FOR THE MONTH OF APRIL 2017...

CLIMATE NORMAL PERIOD 1981 TO 2010
CLIMATE RECORD PERIOD 1986 TO 2017

WEATHER         OBSERVED          NORMAL  DEPART  LAST YEAR`S
                 VALUE   DATE(S)  VALUE   FROM    VALUE  DATE(S)
                                          NORMAL
................................................................
TEMPERATURE (F)
RECORD
 HIGH              89   04/18/2016
 LOW               31   04/04/2009
                        04/03/2008
                        04/01/1953
HIGHEST            67   04/21        MM      MM       89  04/18
                        04/16
LOWEST             37   04/09        MM      MM       40  04/16
AVG. MAXIMUM     58.0              58.5    -0.5     65.8
AVG. MINIMUM     43.7              42.5     1.2     46.7
MEAN             50.8              50.5     0.3     56.3
DAYS MAX >= 90      0               0.0     0.0        0
DAYS MAX <= 32      0               0.0     0.0        0
DAYS MIN <= 32      0               0.0     0.0        0
DAYS MIN <= 0       0               0.0     0.0        0

PRECIPITATION (INCHES)
RECORD
 MAXIMUM         6.27   1993
 MINIMUM         0.64   2004
TOTALS           4.05              2.77    1.28     1.57
DAILY AVG.       0.14              0.09    0.05     0.05
DAYS >= .01        23              15.0     8.0       11
DAYS >= .10         9               8.2     0.8        7
DAYS >= .50         2               1.3     0.7        1
DAYS >= 1.00        0               0.1    -0.1        0

SNOWFALL (INCHES)
TOTALS            0.0                                0.0
SINCE 7/1         3.6                                  T
SNOWDEPTH AVG.      0                                  0
GREATEST
 SNOW DEPTH         0                                  0  MM

DEGREE_DAYS
HEATING TOTAL     418               435     -17      260
 SINCE 7/1       4063              4173    -110     3542
COOLING TOTAL       0                 0       0        6
 SINCE 1/1          0                 0       0        6
.................................................................

WIND (MPH)
HIGHEST GUST SPEED/DIRECTION    MM        DATE   MM


WEATHER CONDITIONS. NUMBER OF DAYS WITH
THUNDERSTORM              0     MIXED PRECIP               0
HEAVY RAIN                0     RAIN                       2
LIGHT RAIN               26     FREEZING RAIN              0
LT FREEZING RAIN          0     HAIL                       0
HEAVY SNOW                0     SNOW                       0
LIGHT SNOW                0     SLEET                      0
FOG                       2     FOG W/VIS <= 1/4 MILE      0
HAZE                      0

-  INDICATES NEGATIVE NUMBERS.
R  INDICATES RECORD WAS SET OR TIED.
MM INDICATES DATA IS MISSING.
T  INDICATES TRACE AMOUNT.

$$
