000
CXUS56 KSEW 011134
CLMSEW


CLIMATE REPORT
NATIONAL WEATHER SERVICE SEATTLE WA
434 AM PDT FRI JUL 1 2016

...................................

...THE SEATTLE WA WFO CLIMATE SUMMARY FOR THE MONTH OF JUNE 2016...

CLIMATE NORMAL PERIOD 1981 TO 2010
CLIMATE RECORD PERIOD 1986 TO 2016

WEATHER         OBSERVED          NORMAL  DEPART  LAST YEAR`S
                 VALUE   DATE(S)  VALUE   FROM    VALUE  DATE(S)
                                          NORMAL
................................................................
TEMPERATURE (F)
RECORD
 HIGH              92   06/13/2002
                        06/30/1995
 LOW               42   06/04/1991
HIGHEST            91   06/05        MM      MM       90  06/27
LOWEST             47   06/15        MM      MM       48  06/13
AVG. MAXIMUM     72.7              69.7     3.0     78.0
AVG. MINIMUM     54.4              52.3     2.1     56.1
MEAN             63.6              61.0     2.6     67.1
DAYS MAX >= 90      1               0.0     1.0        1
DAYS MAX <= 32      0               0.0     0.0        0
DAYS MIN <= 32      0               0.0     0.0        0
DAYS MIN <= 0       0               0.0     0.0        0

PRECIPITATION (INCHES)
RECORD
 MAXIMUM         3.39   2012
 MINIMUM         0.04   1987
TOTALS           1.52              1.63   -0.11     0.15
DAILY AVG.       0.05              0.05    0.00     0.01
DAYS >= .01        13               9.9     3.1        4
DAYS >= .10         4               4.8    -0.8        0
DAYS >= .50         1               0.7     0.3        0
DAYS >= 1.00        0               0.1    -0.1        0

DEGREE_DAYS
HEATING TOTAL      77               134     -57       27
 SINCE 7/1       3795              4588    -793     3516
COOLING TOTAL      43                14      29       99
 SINCE 1/1         54                17      37      106
.................................................................

WIND (MPH)
HIGHEST GUST SPEED/DIRECTION    MM        DATE   MM


WEATHER CONDITIONS. NUMBER OF DAYS WITH
THUNDERSTORM              0     MIXED PRECIP               0
HEAVY RAIN                1     RAIN                       2
LIGHT RAIN               14     FREEZING RAIN              0
LT FREEZING RAIN          0     HAIL                       0
HEAVY SNOW                0     SNOW                       0
LIGHT SNOW                0     SLEET                      0
FOG                       0     FOG W/VIS <= 1/4 MILE      0
HAZE                      0

-  INDICATES NEGATIVE NUMBERS.
R  INDICATES RECORD WAS SET OR TIED.
MM INDICATES DATA IS MISSING.
T  INDICATES TRACE AMOUNT.

$$
