000
CXUS55 KBYZ 011220
CLMSHR


CLIMATE REPORT
NATIONAL WEATHER SERVICE BILLINGS MT
515 AM MST MON DEC 1 2014

...................................

...THE SHERIDAN WY CLIMATE SUMMARY FOR THE MONTH OF NOVEMBER 2014...

CLIMATE NORMAL PERIOD 1981 TO 2010
CLIMATE RECORD PERIOD 1907 TO 2014

WEATHER         OBSERVED          NORMAL  DEPART
                 VALUE   DATE(S)  VALUE   FROM
                                          NORMAL
................................................
TEMPERATURE (F)
HIGHEST            70   11/06
LOWEST            -17   11/13
AVG. MAXIMUM     42.2              45.9    -3.7
AVG. MINIMUM     14.2              19.4    -5.2
MEAN             28.2              32.7    -4.5
DAYS MAX >= 90      0
DAYS MAX <= 32     10
DAYS MIN <= 32     28
DAYS MIN <= 0       8

PRECIPITATION (INCHES)
TOTALS           1.49              0.71    0.78
DAYS >= .01        11
DAYS >= .10         7
DAYS >= .50         0
DAYS >= 1.00        0
GREATEST
 24 HR. TOTAL    0.41   11/25 TO 11/26

DEGREE_DAYS
HEATING TOTAL    1097               970     127
 SINCE 7/1       1826              1878     -52
COOLING TOTAL       0                 0       0
 SINCE 1/1        346               419     -73
.................................................

WIND (MPH)
AVERAGE WIND SPEED              8.4
HIGHEST WIND SPEED/DIRECTION    51/240    DATE  11/28
HIGHEST GUST SPEED/DIRECTION    66/240    DATE  11/28

AVERAGE RH (PERCENT)     62

WEATHER CONDITIONS. NUMBER OF DAYS WITH
THUNDERSTORM              0     MIXED PRECIP               0
HEAVY RAIN                0     RAIN                       1
LIGHT RAIN                4     FREEZING RAIN              0
LT FREEZING RAIN          0     HAIL                       0
HEAVY SNOW                1     SNOW                       3
LIGHT SNOW               13     SLEET                      0
FOG                      10     FOG W/VIS <= 1/4 MILE      3
HAZE                     10

-  INDICATES NEGATIVE NUMBERS.
R  INDICATES RECORD WAS SET OR TIED.
MM INDICATES DATA IS MISSING.
T  INDICATES TRACE AMOUNT.

&&

...NOVEMBER 2014 MONTH IN REVIEW FOR SHERIDAN...

BELOW IS A SUMMARY OF THE TEMPERATURE AND PRECIPITATION
STATISTICS FOR SHERIDAN FOR NOVEMBER 2014. ALL TEMPERATURES ARE IN
DEGREES FAHRENHEIT AND ALL PRECIPITATION AMOUNTS ARE IN INCHES. NORMALS
ARE 30 YEAR AVERAGES CALCULATED FROM 1981 TO 2010. MONTHLY RANKINGS
FOR PRECIPITATION...SNOWFALL...AND TEMPERATURES USE A PERIOD
OF RECORD THAT STARTED IN MAY 1934 AT OR NEAR THE SHERIDAN AIRPORT.

NUMBERS DENOTED WITH AN * IS MISSING DATA IN THE CALCULATION.

...SHERIDAN MONTHLY PRECIPITATION...

 MONTH   2014 VALUES  NORMALS    DEPARTURE  RANKING

NOVEMBER     1.49     0.71       +0.78      8TH WETTEST OUT OF 108 YEARS
                                            (RECORD WETTEST WAS 2.41 IN 1991)
                                            (WETTEST SINCE 2.41 IN 1991)

...SHERIDAN NOVEMBER 2014 BROKEN OR TIED DAILY PRECIPITATION RECORDS...

NONE

...SHERIDAN AVERAGE TEMPERATURES...

 MONTH   2014 VALUES  NORMALS   DEPARTURE  RANKING

NOVEMBER     28.2      32.7      -4.5      TIED FOR THE 15TH COLDEST OUT OF 108 YEARS
                                           (RECORD COLDEST WAS 15.5 IN 1985)
                                           (COLDEST SINCE 28.1 IN 2003)

...SHERIDAN AVERAGE HIGH TEMPERATURES...

 MONTH   2014 VALUES  NORMALS   DEPARTURE  RANKING

NOVEMBER     42.2      45.9      -3.7      26TH COLDEST OUT OF 108 YEARS
                                           (RECORD COLDEST WAS 24.9 IN 1985)
                                           (COLDEST SINCE 41.9 IN 2010)

...SHERIDAN NOVEMBER 2014 BROKEN OR TIED WARMEST DAILY HIGH TEMPERATURE RECORDS...

63 ON NOVEMBER 28 (TIED RECORD IN 2002)

...SHERIDAN NOVEMBER 2014 BROKEN OR TIED COLDEST DAILY HIGH TEMPERATURE RECORDS...

NONE

...SHERIDAN AVERAGE LOW TEMPERATURES...

 MONTH   2014 VALUES  NORMALS   DEPARTURE  RANKING

NOVEMBER     14.2      19.4      -5.2      10TH COLDEST OUT OF 108 YEARS
                                           (RECORD COLDEST WAS 6.0 IN 1985)
                                           (COLDEST SINCE 10.5 IN 2000)

...SHERIDAN NOVEMBER 2014 BROKEN OR TIED WARMEST DAILY LOW TEMPERATURE RECORDS...

43 ON NOVEMBER 28 (OLD RECORD 34 IN 1940)

...SHERIDAN NOVEMBER 2014 BROKEN OR TIED COLDEST DAILY LOW TEMPERATURE RECORDS...

NONE

$$
