000
CXUS56 KMTR 031511
CLMSJC


CLIMATE REPORT
NATIONAL WEATHER SERVICE SAN FRANCISCO BAY AREA
746 AM PDT FRI JUL 3 2015

...................................

...THE SAN JOSE AIRPORT CLIMATE SUMMARY FOR THE MONTH OF JUNE 2015...

CLIMATE NORMAL PERIOD 1981 TO 2010
CLIMATE RECORD PERIOD 1893 TO 2015

WEATHER         OBSERVED          NORMAL  DEPART  LAST YEAR`S
                 VALUE   DATE(S)  VALUE   FROM    VALUE  DATE(S)
                                          NORMAL
................................................................
TEMPERATURE (F)
RECORD
 HIGH             109   MM
 LOW               46   06/02/2011
HIGHEST            92   06/30                         92  06/30
                                                          06/08
LOWEST             52   06/19        MM               51  06/02
AVG. MAXIMUM     79.0              80.6    -1.6     79.3
AVG. MINIMUM     56.6              56.1     0.5     55.5
MEAN             67.8                               67.4
DAYS MAX >= 90      2                                  2
DAYS MAX <= 32      0                                  0
DAYS MIN <= 32      0                                  0
DAYS MIN <= 0       0                                  0

PRECIPITATION (INCHES)
RECORD
 MAXIMUM           MM   MM
 MINIMUM           MM   MM
TOTALS           0.10              0.09    0.01     0.01
DAILY AVG.       0.00              0.00    0.00     0.00
DAYS >= .01         1                                  1
DAYS >= .10         1                                  0
DAYS >= .50         0                                  0
DAYS >= 1.00        0                                  0
GREATEST
 24 HR. TOTAL    0.11   06/09 TO 06/10           06/26 TO 06/26
                                                          06/30 TO 06/30
                                                          06/30 TO 06/30

DEGREE_DAYS
HEATING TOTAL      10                15      -5        9
 SINCE 7/1       1662              2001    -339     1908
COOLING TOTAL     100               115     -15       86
 SINCE 1/1        127               185     -58      177
.................................................

WIND (MPH)
AVERAGE WIND SPEED              6.8
RESULTANT WIND SPEED/DIRECTION   5/300
HIGHEST WIND SPEED/DIRECTION    20/300    DATE  06/23
HIGHEST GUST SPEED/DIRECTION    31/090    DATE  06/23

SKY COVER
POSSIBLE SUNSHINE (PERCENT)   MM
AVERAGE SKY COVER           0.30
NUMBER OF DAYS FAIR           17
NUMBER OF DAYS PC             12
NUMBER OF DAYS CLOUDY          1

AVERAGE RH (PERCENT)     65

WEATHER CONDITIONS. NUMBER OF DAYS WITH
THUNDERSTORM              0     MIXED PRECIP               0
HEAVY RAIN                0     RAIN                       0
LIGHT RAIN                1     FREEZING RAIN              0
LT FREEZING RAIN          0     HAIL                       0
HEAVY SNOW                0     SNOW                       0
LIGHT SNOW                0     SLEET                      0
FOG                       2     FOG W/VIS <= 1/4 MILE      0
HAZE                      3

-  INDICATES NEGATIVE NUMBERS.
R  INDICATES RECORD WAS SET OR TIED.
MM INDICATES DATA IS MISSING.
T  INDICATES TRACE AMOUNT.

$$
