000
CXUS54 KSJT 011408
CLMSJT


CLIMATE REPORT
NATIONAL WEATHER SERVICE SAN ANGELO TX
859 AM CDT MON MAY 1 2017

...................................

...THE SAN ANGELO CLIMATE SUMMARY FOR THE MONTH OF APRIL 2017...

CLIMATE NORMAL PERIOD 1981 TO 2010
CLIMATE RECORD PERIOD 1907 TO 2017

WEATHER         OBSERVED          NORMAL  DEPART  LAST YEAR`S
                 VALUE   DATE(S)  VALUE   FROM    VALUE  DATE(S)
                                          NORMAL
................................................................
TEMPERATURE (F)
RECORD
 HIGH             107   04/19/1925
 LOW               25   04/09/1973
HIGHEST            97   04/28                         89  04/25
LOWEST             35   04/06                         33  04/02
AVG. MAXIMUM     82.1              80.1     2.0     78.9
AVG. MINIMUM     54.2              51.9     2.3     52.3
MEAN             68.2              66.0     2.2     65.6
DAYS MAX >= 90      6               4.1     1.9        0
DAYS MAX <= 32      0               0.0     0.0        0
DAYS MIN <= 32      0               0.6    -0.6        0
DAYS MIN <= 0       0               0.0     0.0        0

PRECIPITATION (INCHES)
RECORD
 MAXIMUM         6.54   1908
 MINIMUM         0.00   1920
TOTALS           1.46              1.42    0.04     5.10
DAILY AVG.       0.05              0.05    0.00     0.17
DAYS >= .01         5               4.5     0.5       11
DAYS >= .10         3               2.3     0.7        7
DAYS >= .50         1               1.1    -0.1        3
DAYS >= 1.00        0               0.4    -0.4        3
GREATEST
 24 HR. TOTAL    1.10   04/01 TO 04/02              2.68  04/16 TO 04/17


SNOWFALL (INCHES)
RECORDS
 TOTAL            2.0   1938
TOTALS              T                 T     0.0      0.0
SINCE 7/1           T               2.2    -2.2      3.1
SNOWDEPTH AVG.      0                MM      MM        0
DAYS >= 1.0         0               0.0     0.0        0
GREATEST
 SNOW DEPTH         0                                  0

DEGREE_DAYS
HEATING TOTAL      54                88     -34       55
 SINCE 7/1       1498              2306    -808     1803
COOLING TOTAL     157               118      39       82
 SINCE 1/1        301               156     145      134
.................................................

WIND (MPH)
AVERAGE WIND SPEED              11.8
HIGHEST WIND SPEED/DIRECTION    36/160    DATE  04/16
HIGHEST GUST SPEED/DIRECTION    48/160    DATE  04/16

SKY COVER
AVERAGE SKY COVER           0.20

AVERAGE RH (PERCENT)     54

WEATHER CONDITIONS. NUMBER OF DAYS WITH
THUNDERSTORM              6     MIXED PRECIP               0
HEAVY RAIN                3     RAIN                       6
LIGHT RAIN                8     FREEZING RAIN              0
LT FREEZING RAIN          0     HAIL                       0
HEAVY SNOW                0     SNOW                       0
LIGHT SNOW                0     SLEET                      0
FOG                       3     FOG W/VIS <= 1/4 MILE      0
HAZE                      2

-  INDICATES NEGATIVE NUMBERS.
R  INDICATES RECORD WAS SET OR TIED.
MM INDICATES DATA IS MISSING.
T  INDICATES TRACE AMOUNT.

$$
