000
CXCA52 TJSJ 010523
CLMSJU


CLIMATE REPORT
NATIONAL WEATHER SERVICE SAN JUAN, PR
120 AM AST FRI AUG 1 2014

...................................

...THE SAN JUAN/P.R. CLIMATE SUMMARY FOR THE MONTH OF JULY 2014...

CLIMATE NORMAL PERIOD 1981 TO 2010
CLIMATE RECORD PERIOD 1898 TO 2014

WEATHER         OBSERVED          NORMAL  DEPART
                 VALUE   DATE(S)  VALUE   FROM
                                          NORMAL
................................................
TEMPERATURE (F)
RECORD
 HIGH              95   07/10/1981
 LOW               69   07/12/1952
                        07/11/1952
HIGHEST            93   07/16        92       1
                        07/01
LOWEST             77   07/11        73       4
AVG. MAXIMUM     90.4              88.7     1.7
AVG. MINIMUM     79.6              78.1     1.5
MEAN             85.0              83.4     1.6
DAYS MAX >= 90     23               6.0    17.0
DAYS MAX <= 32      0               0.0     0.0
DAYS MIN <= 32      0               0.0     0.0
DAYS MIN <= 0       0               0.0     0.0

PRECIPITATION (INCHES)
RECORD
 MAXIMUM        14.17   2013
 MINIMUM         1.10   1929
TOTALS           3.57              5.07   -1.50
DAILY AVG.       0.12              0.16   -0.04
DAYS >= .01        17              18.6    -1.6
DAYS >= .10        11               9.7     1.3
DAYS >= .50         1               3.2    -2.2
DAYS >= 1.00        1               1.1    -0.1
GREATEST
 24 HR. TOTAL    1.22   07/14 TO 07/15
DEGREE_DAYS
HEATING TOTAL       0                 0       0
 SINCE 7/1          0                 0       0
COOLING TOTAL     627               570      57
 SINCE 1/1       3643              3284     359
.................................................

WIND (MPH)
AVERAGE WIND SPEED              10.2
RESULTANT WIND SPEED/DIRECTION  10/070
HIGHEST WIND SPEED/DIRECTION    33/060    DATE  07/03
HIGHEST GUST SPEED/DIRECTION    44/060    DATE  07/03

SKY COVER

AVERAGE SKY COVER           0.40
NUMBER OF DAYS FAIR           10
NUMBER OF DAYS PC             21
NUMBER OF DAYS CLOUDY          0

AVERAGE RH (PERCENT)     72

WEATHER CONDITIONS. NUMBER OF DAYS WITH
THUNDERSTORM              0     MIXED PRECIP               0
HEAVY RAIN                2     RAIN                       2
LIGHT RAIN               13     FREEZING RAIN              0
LT FREEZING RAIN          0     HAIL                       0
HEAVY SNOW                0     SNOW                       0
LIGHT SNOW                0     SLEET                      0
FOG                       7     FOG W/VIS <= 1/4 MILE      0
HAZE                      5

-  INDICATES NEGATIVE NUMBERS.
R  INDICATES RECORD WAS SET OR TIED.
MM INDICATES DATA IS MISSING.
T  INDICATES TRACE AMOUNT.

$$
