708
CXUS56 KSGX 011554
CLMSNA


CLIMATE REPORT
NATIONAL WEATHER SERVICE SAN DIEGO, CA
754 AM PST THU DEC 1 2016

...................................

...THE JOHN WAYNE AIRPORT CA CLIMATE SUMMARY FOR THE MONTH OF NOVEMBER 2016...

CLIMATE NORMAL PERIOD 1981 TO 2010
CLIMATE RECORD PERIOD 1999 TO 2016

WEATHER         OBSERVED          NORMAL  DEPART  LAST YEAR`S
                 VALUE   DATE(S)  VALUE   FROM    VALUE  DATE(S)
                                          NORMAL
................................................................
TEMPERATURE (F)
RECORD
 HIGH             100   11/04/2010
                        11/03/2010
                        09/01/1955
 LOW               37   11/30/2004
HIGHEST            95   11/09        71      24       87  11/21
LOWEST             44   11/26        52      -8       41  11/30
AVG. MAXIMUM     75.3              71.0     4.3     71.8
AVG. MINIMUM     54.0              52.1     1.9     50.1
MEAN             64.7              61.6     3.1     60.9
DAYS MAX >= 90      1               0.3     0.7        0
DAYS MAX <= 32      0               0.0     0.0        0
DAYS MAX >= 100     0                                  0
DAYS MIN <= 32      0               0.0     0.0        0

PRECIPITATION (INCHES)
RECORD
 MAXIMUM         2.16   2008
 MINIMUM            T   2009
TOTALS           1.26              1.25    0.01     0.12
DAILY AVG.       0.04              0.04    0.00     0.00
DAYS >= .01         4                MM      MM        5
DAYS >= .10         4                MM      MM        0
DAYS >= .50         0                MM      MM        0
DAYS >= 1.00        0                MM      MM        0
DAYS >= 1.50        0                                  0
DAYS >= 2.00        0                                  0
GREATEST
 24 HR. TOTAL    0.67   11/26 TO 11/27           11/25 TO 11/25
                                                          11/30 TO 11/30
                                                          11/30 TO 11/30
 STORM TOTAL       MM                                 MM
 (MM/DD(HH))            MM                    11/25(00) TO 11/25(00)
                                                 11/30(00) TO 11/30(00)0
                                                 11/30(00) TO 11/30(00)0

DEGREE_DAYS
HEATING TOTAL      77               126     -49      130
 SINCE 7/1         78               153     -75      130
COOLING TOTAL      73                22      51       15
 SINCE 1/1       1226               876     350     1601

FREEZE DATES
RECORD
 EARLIEST     MM
 LATEST       MM
EARLIEST                        MM
LATEST                          MM
.................................................

WIND (MPH)
AVERAGE WIND SPEED              3.3
RESULTANT WIND SPEED/DIRECTION   1/202
HIGHEST WIND SPEED/DIRECTION    24/050    DATE  11/29
HIGHEST GUST SPEED/DIRECTION    36/070    DATE  11/29

SKY COVER
POSSIBLE SUNSHINE (PERCENT)   MM
AVERAGE SKY COVER           0.30
NUMBER OF DAYS FAIR           18
NUMBER OF DAYS PC             12
NUMBER OF DAYS CLOUDY          0

AVERAGE RH (PERCENT)     58

WEATHER CONDITIONS. NUMBER OF DAYS WITH
THUNDERSTORM              0     MIXED PRECIP               0
HEAVY RAIN                2     RAIN                       4
LIGHT RAIN                4     FREEZING RAIN              0
LT FREEZING RAIN          0     HAIL                       0
HEAVY SNOW                0     SNOW                       0
LIGHT SNOW                0     SLEET                      0
FOG                      10     FOG W/VIS <= 1/4 MILE      3
HAZE                      8

-  INDICATES NEGATIVE NUMBERS.
R  INDICATES RECORD WAS SET OR TIED.
MM INDICATES DATA IS MISSING.
T  INDICATES TRACE AMOUNT.

$$
