000
CXUS52 KTBW 051355
CLMSRQ


CLIMATE REPORT
NATIONAL WEATHER SERVICE TAMPA BAY FL
855 AM EST TUE DEC 5 2017

...................................

...THE SARASOTA BRADENTON CLIMATE SUMMARY FOR THE MONTH OF NOVEMBER 2017...

CLIMATE NORMAL PERIOD 1981 TO 2010
CLIMATE RECORD PERIOD 1911 TO 2017

WEATHER         OBSERVED          NORMAL  DEPART  LAST YEAR`S
                 VALUE   DATE(S)  VALUE   FROM    VALUE  DATE(S)
                                          NORMAL
................................................................
TEMPERATURE (F)
ALL-TIME NOVEMBER RECORD
 HIGH              93   11/22/1948
 LOW               27   11/25/1970

NOVEMBER 2017
HIGHEST            85   11/13        MM      MM       89  11/02
                        11/07
                        11/04
LOWEST             50   11/20        MM      MM       46  11/21
AVG. MAXIMUM     80.4              78.8     1.6     82.6
AVG. MINIMUM     61.3              59.6     1.7     61.2
MEAN             70.9              69.2     1.7     71.9
DAYS MAX >= 90      0               0.0     0.0        0
DAYS MAX <= 32      0               0.0     0.0        0
DAYS MIN <= 32      0               0.0     0.0        0
DAYS MIN <= 0       0               0.0     0.0        0

PRECIPITATION (INCHES)
ALL-TIME NOVEMBER RECORD
 MAXIMUM         9.40   1997
 MINIMUM         0.00   1931
                        1913

NOVEMBER 2017
TOTALS           0.25              1.93   -1.68     0.02
DAILY AVG.       0.01              0.06   -0.05     0.00
DAYS >= .01         4                MM      MM        2
DAYS >= .10         1                MM      MM        0
DAYS >= .50         0                MM      MM        0
DAYS >= 1.00        0                MM      MM        0
GREATEST
 24 HR. TOTAL    0.12   11/23 TO 11/23

DEGREE_DAYS
HEATING TOTAL       0                30     -30       11
 SINCE 7/1         13                33     -20       11
COOLING TOTAL     184               156      28      225
 SINCE 1/1       3703              3300     403     4026
.................................................................

WIND (MPH)
AVERAGE WIND SPEED              7.4
HIGHEST WIND SPEED/DIRECTION    28/180    DATE  11/23
HIGHEST GUST SPEED/DIRECTION    37/170    DATE  11/23

SKY COVER (DOES NOT INCLUDE ANY CLOUDS ABOVE 12000 FEET)
POSSIBLE SUNSHINE (PERCENT)   MM
AVERAGE SKY COVER           0.20
NUMBER OF DAYS FAIR           25
NUMBER OF DAYS PC              3
NUMBER OF DAYS CLOUDY          2

AVERAGE RH (PERCENT)     77

WEATHER CONDITIONS. NUMBER OF DAYS WITH
THUNDERSTORM              1     MIXED PRECIP               0
HEAVY RAIN                0     RAIN                       1
LIGHT RAIN                5     FREEZING RAIN              0
LT FREEZING RAIN          0     HAIL                       0
HEAVY SNOW                0     SNOW                       0
LIGHT SNOW                0     SLEET                      0
FOG                      13     FOG W/VIS <= 1/4 MILE      3
HAZE                      1
.................................................................

REMARKS
THE NOVEMBER 2017 MONTHLY AVERAGE TEMPERATURE OF 70.9 DEGREES RANKS
AS THE 18TH WARMEST NOVEMBER SINCE RECORDS BEGAN IN 1911. THE
WARMEST NOVEMBER HAD AN AVERAGE TEMPERATURE OF 76.1 DEGREES WHICH
OCCURRED IN 1986.

THE NOVEMBER 2017 MONTHLY RAINFALL TOTAL OF 0.25 INCHES TIES WITH
1960 AS THE 14TH DRIEST NOVEMBER SINCE RECORDS BEGAN IN 1911.


-  INDICATES NEGATIVE NUMBERS.
R  INDICATES RECORD WAS SET OR TIED.
MM INDICATES DATA IS MISSING.
T  INDICATES TRACE AMOUNT.

$$
