954
CXUS52 KJAX 011326
CLMSSI

CLIMATE REPORT
NATIONAL WEATHER SERVICE JACKSONVILLE FL
824 AM EST MON FEB 1 2016

...................................

...THE ST SIMONS ISLAND CLIMATE SUMMARY FOR THE MONTH OF JANUARY 2016...

CLIMATE NORMAL PERIOD 1981 TO 2010
CLIMATE RECORD PERIOD 1948 TO 2016

WEATHER         OBSERVED          NORMAL  DEPART
                 VALUE   DATE(S)  VALUE   FROM
                                          NORMAL
................................................
TEMPERATURE (F)
RECORD
 HIGH              83   01/13/1972
 LOW                6   01/21/1985
HIGHEST            72   01/15        60      12
                        01/01
LOWEST             28   01/24        43     -15
AVG. MAXIMUM     59.0              60.5    -1.5
AVG. MINIMUM     42.3              42.6    -0.3
MEAN             50.6              51.5    -0.9
DAYS MAX >= 90      0               0.0     0.0
DAYS MAX <= 32      0               0.0     0.0
DAYS MIN <= 32      4               4.5    -0.5
DAYS MIN <= 0       0               0.0     0.0

PRECIPITATION (INCHES)
RECORD
 MAXIMUM         9.35   1991
 MINIMUM         0.18   1950
TOTALS           3.15              3.22   -0.07
DAILY AVG.       0.10              0.10    0.00
DAYS >= .01         7               8.5    -1.5
DAYS >= .10         6               4.9     1.1
DAYS >= .50         3               2.1     0.9
DAYS >= 1.00        0               0.9    -0.9
GREATEST
 24 HR. TOTAL    0.95   01/17 TO 01/17
 STORM TOTAL       MM
 (MM/DD(HH))            MM

SNOWFALL (INCHES)
RECORDS
 TOTAL              T   2014
                        1986
                        1977
 24 HR TOTAL        T   01/29/2014 TO 01/29/2014
                        01/29/2014 TO 01/27/1986
                        01/27/1986 TO 01/31/1977
TOTALS            0.0               0.0     0.0
 LIQUID EQUIV    0.00              0.00    0.00
SINCE 7/1         0.0               0.2    -0.2
 LIQUID 7/1      0.00
DAYS >= TRACE       0               0.0     0.0
DAYS >= 1.0         0               0.0     0.0
GREATEST
 SNOW DEPTH         0   MM
 24 HR TOTAL      0.0   01/31 TO 01/31
 STORM TOTAL       MM
 (MM/DD(HH))            MM

DEGREE_DAYS
HEATING TOTAL     437               420      17
 SINCE 7/1        597               951    -354
COOLING TOTAL       0                 3      -3
 SINCE 1/1          0                 0       0

FREEZE DATES
RECORD
 EARLIEST     11/03/1954
 LATEST       03/31/1964
EARLIEST      01/12             12/20
LATEST                          02/14
.................................................

WIND (MPH)
AVERAGE WIND SPEED              7.1
HIGHEST WIND SPEED/DIRECTION    26/030    DATE  01/05
HIGHEST GUST SPEED/DIRECTION    35/030    DATE  01/05

SKY COVER
POSSIBLE SUNSHINE (PERCENT)   MM
AVERAGE SKY COVER           0.40
NUMBER OF DAYS FAIR           16
NUMBER OF DAYS PC              7
NUMBER OF DAYS CLOUDY          8

AVERAGE RH (PERCENT)     74

WEATHER CONDITIONS. NUMBER OF DAYS WITH
THUNDERSTORM              0     MIXED PRECIP               0
HEAVY RAIN                5     RAIN                       5
LIGHT RAIN               10     FREEZING RAIN              0
LT FREEZING RAIN          0     HAIL                       0
HEAVY SNOW                0     SNOW                       0
LIGHT SNOW                0     SLEET                      0
FOG                      14     FOG W/VIS <= 1/4 MILE      4
HAZE                      0

-  INDICATES NEGATIVE NUMBERS.
R  INDICATES RECORD WAS SET OR TIED.
MM INDICATES DATA IS MISSING.
T  INDICATES TRACE AMOUNT.

$$
