000
CXUS53 KEAX 010743
CLMSTJ

STLCLMWK1 000
TTAA00 KEAX 010740


CLIMATE REPORT
NATIONAL WEATHER SERVICE KANSAS CITY/PLEASANT HILL MO
139 AM CST SUN FEB 1 2015

...................................

...THE ST. JOSEPH MO CLIMATE SUMMARY FOR THE MONTH OF
JANUARY 2015...

CLIMATE NORMAL PERIOD 1981 TO 2010
CLIMATE RECORD PERIOD 1892 TO 2015

WEATHER         OBSERVED          NORMAL  DEPART  LAST YEAR`S
                 VALUE   DATE(S)  VALUE   FROM    VALUE  DATE(S)
                                          NORMAL
................................................................
TEMPERATURE (F)
RECORD
 HIGH              73   MM
 LOW              -17   01/04/2010
HIGHEST            73R  01/28        60      13       60  01/19
LOWEST             -5   01/07        -3      -2      -10  01/06
AVG. MAXIMUM     42.6              37.1     5.5     34.5
AVG. MINIMUM     14.3              17.4    -3.1     10.1
MEAN             28.5              27.2     1.3     22.3
DAYS MAX >= 90      0               0.0     0.0        0
DAYS MAX <= 32      8              10.5    -2.5       13
DAYS MIN <= 32     29              28.9     0.1       31
DAYS MIN <= 0       5               3.0     2.0        8

PRECIPITATION (INCHES)
RECORD
 MAXIMUM         4.55   1949
 MINIMUM         0.00   2000
TOTALS           1.15              0.56    0.59     0.08
DAILY AVG.       0.04              0.02    0.02     0.00
DAYS >= .01         3               4.9    -1.9        2
DAYS >= .10         1               1.9    -0.9        0
DAYS >= .50         1               0.2     0.8        0
DAYS >= 1.00        1               0.0     1.0        0
GREATEST
 24 HR. TOTAL    1.10   01/31 TO 01/31

DEGREE_DAYS
HEATING TOTAL    1125              1170     -45     1314
 SINCE 7/1       3337              3383     -46     3742
COOLING TOTAL       0                 0       0        0
 SINCE 1/1          0                 0       0        0
.................................................................

WIND (MPH)
AVERAGE WIND SPEED              8.7
HIGHEST WIND SPEED/DIRECTION    38/340    DATE  01/29
HIGHEST GUST SPEED/DIRECTION    49/300    DATE  01/17

SKY COVER
POSSIBLE SUNSHINE (PERCENT)   MM
AVERAGE SKY COVER           0.30
NUMBER OF DAYS FAIR           23
NUMBER OF DAYS PC              5
NUMBER OF DAYS CLOUDY          3

AVERAGE RH (PERCENT)     66

WEATHER CONDITIONS. NUMBER OF DAYS WITH
THUNDERSTORM              0     MIXED PRECIP               0
HEAVY RAIN                0     RAIN                       1
LIGHT RAIN                5     FREEZING RAIN              0
LT FREEZING RAIN          0     HAIL                       0
HEAVY SNOW                0     SNOW                       0
LIGHT SNOW                7     SLEET                      0
FOG                      10     FOG W/VIS <= 1/4 MILE      4
HAZE                      3

-  INDICATES NEGATIVE NUMBERS.
R  INDICATES RECORD WAS SET OR TIED.
MM INDICATES DATA IS MISSING.
T  INDICATES TRACE AMOUNT.

$$
