000
CXUS53 KEAX 010809
CLMSTJ

CLIMATE REPORT
NATIONAL WEATHER SERVICE KANSAS CITY/PLEASANT HILL MO
254 AM CDT FRI APR 1 2016

...................................

...THE ST. JOSEPH MO CLIMATE SUMMARY FOR THE MONTH OF MARCH 2016...

CLIMATE NORMAL PERIOD 1981 TO 2010
CLIMATE RECORD PERIOD 1892 TO 2016

WEATHER         OBSERVED          NORMAL  DEPART  LAST YEAR`S
                 VALUE   DATE(S)  VALUE   FROM    VALUE  DATE(S)
                                          NORMAL
................................................................
TEMPERATURE (F)
RECORD
 HIGH              90   03/31/1966
 LOW              -13   03/04/1978
HIGHEST            78   03/23        78       0       85  03/16
LOWEST             16   03/02        14       2        3  03/05
AVG. MAXIMUM     61.8              54.5     7.3     59.2
AVG. MINIMUM     35.5              31.4     4.1     30.4
MEAN             48.6              42.9     5.7     44.5
DAYS MAX >= 90      0               0.0     0.0        0
DAYS MAX <= 32      0               1.1    -1.1        2
DAYS MIN <= 32     13              16.2    -3.2       16
DAYS MIN <= 0       0               0.0     0.0        0

PRECIPITATION (INCHES)
RECORD
 MAXIMUM         7.30   1973
 MINIMUM         0.14   1936
TOTALS           0.87              2.25   -1.38     1.33
DAILY AVG.       0.03              0.07   -0.04     0.04
DAYS >= .01        10               8.6     1.4        4
DAYS >= .10         4               4.9    -0.9        3
DAYS >= .50         0               1.5    -1.5        1
DAYS >= 1.00        0               0.4    -0.4        0
GREATEST
 24 HR. TOTAL    0.25   03/12 TO 03/13

DEGREE_DAYS
HEATING TOTAL     503               685    -182      607
 SINCE 7/1       4121              4993    -872     5131
COOLING TOTAL       2                 2       0        1
 SINCE 1/1          2                 2       0        1
.................................................................

WIND (MPH)
AVERAGE WIND SPEED              10.5
HIGHEST WIND SPEED/DIRECTION    41/170    DATE  03/23
HIGHEST GUST SPEED/DIRECTION    58/170    DATE  03/23

SKY COVER
POSSIBLE SUNSHINE (PERCENT)   MM
AVERAGE SKY COVER           0.40
NUMBER OF DAYS FAIR           12
NUMBER OF DAYS PC             13
NUMBER OF DAYS CLOUDY          6

AVERAGE RH (PERCENT)     63

WEATHER CONDITIONS. NUMBER OF DAYS WITH
THUNDERSTORM              3     MIXED PRECIP               0
HEAVY RAIN                1     RAIN                       3
LIGHT RAIN               14     FREEZING RAIN              0
LT FREEZING RAIN          0     HAIL                       0
HEAVY SNOW                0     SNOW                       0
LIGHT SNOW                2     SLEET                      0
FOG                      13     FOG W/VIS <= 1/4 MILE      6
HAZE                      2

-  INDICATES NEGATIVE NUMBERS.
R  INDICATES RECORD WAS SET OR TIED.
MM INDICATES DATA IS MISSING.
T  INDICATES TRACE AMOUNT.

$$
