000
CXUS51 KBGM 020253 CCA
CLMSYR

CLIMATE REPORT...CORRECTED
NATIONAL WEATHER SERVICE BINGHAMTON NY
955 PM EST FRI DEC 1 2017

...................................

...THE SYRACUSE NY CLIMATE SUMMARY FOR THE MONTH OF NOVEMBER 2017...

CLIMATE NORMAL PERIOD 1981 TO 2010
CLIMATE RECORD PERIOD 1902 TO 2017

WEATHER         OBSERVED          NORMAL  DEPART  LAST YEAR`S
                 VALUE   DATE(S)  VALUE   FROM    VALUE  DATE(S)
                                          NORMAL
................................................................
TEMPERATURE (F)
RECORD
 HIGH              81   11/01/1950
 LOW                5   11/30/1976
                        11/24/1956
HIGHEST            64   11/03        48      16       70  11/19
                        11/02
LOWEST             16   11/11        33     -17       25  11/14
AVG. MAXIMUM     47.2              48.4    -1.2     50.7
AVG. MINIMUM     28.8              32.8    -4.0     32.8
MEAN             38.0              40.6    -2.6     41.8
DAYS MAX >= 90      0               0.0     0.0        0
DAYS MAX <= 32      1               1.6    -0.6        1
DAYS MIN <= 32     23              14.4     8.6       17
DAYS MIN <= 0       0               0.0     0.0        0

PRECIPITATION (INCHES)
RECORD
 MAXIMUM         6.79   1972
 MINIMUM         0.89   2015
TOTALS           3.65              3.53    0.12     2.78
DAILY AVG.       0.12              0.12    0.00     0.09
DAYS >= .01        16              16.7    -0.7       14
DAYS >= .10         8               8.7    -0.7        8
DAYS >= .50         2               1.8     0.2        2
DAYS >= 1.00        0               0.4    -0.4        0
GREATEST
 24 HR. TOTAL    1.11   11/01 TO 11/02

SNOWFALL (INCHES)
RECORDS
 TOTAL           34.2   1995
 24 HR TOTAL     18.9   11/20/2016 TO 11/21/2016
 SNOW DEPTH        22   11/22/2016
                        11/21/2016
                        11/20/2016
TOTALS            5.2               9.5    -4.3     25.2
SINCE 7/1         5.2               9.9    -4.7     25.4
SNOWDEPTH AVG.      0                MM      MM        3
DAYS >= TRACE      13               5.8     7.2        7
DAYS >= 1.0         2               2.7    -0.7        2
GREATEST
 SNOW DEPTH         4   11/20                         22  11/21
 24 HR TOTAL      3.3   11/20 TO 11/20

DEGREE_DAYS
HEATING TOTAL     803               732      71      690
 SINCE 7/1       1197              1349    -152     1194
COOLING TOTAL       0                 0       0        0
 SINCE 1/1        562               569      -7      809
.................................................................

WIND (MPH)
AVERAGE WIND SPEED              9.5
RESULTANT WIND SPEED/DIRECTION   3/226
HIGHEST WIND SPEED/DIRECTION    38/250    DATE  11/19
HIGHEST GUST SPEED/DIRECTION    47/260    DATE  11/19

SKY COVER
POSSIBLE SUNSHINE (PERCENT)   MM
AVERAGE SKY COVER           0.80
NUMBER OF DAYS FAIR            1
NUMBER OF DAYS PC             10
NUMBER OF DAYS CLOUDY         19

AVERAGE RH (PERCENT)     72

WEATHER CONDITIONS. NUMBER OF DAYS WITH
THUNDERSTORM              1     MIXED PRECIP               0
HEAVY RAIN                1     RAIN                       8
LIGHT RAIN               18     FREEZING RAIN              0
LT FREEZING RAIN          0     HAIL                       0
HEAVY SNOW                0     SNOW                       6
LIGHT SNOW               11     SLEET                      0
FOG                      15     FOG W/VIS <= 1/4 MILE      1
HAZE                      0

-  INDICATES NEGATIVE NUMBERS.
R  INDICATES RECORD WAS SET OR TIED.
MM INDICATES DATA IS MISSING.
T  INDICATES TRACE AMOUNT.

&&
CORRECTED GREATEST 24 HOUR PRECIPITATION AND
  NUMBER OF THUNDERSTORM DAYS
$$

TAC
