000
CXUS55 KLKN 021224
CLMTPH
CLIMATE REPORT
NATIONAL WEATHER SERVICE ELKO, NV
424 AM PST SAT MAR 02 2024
...................................
...THE TONOPAH AIRPORT NV CLIMATE SUMMARY FOR THE MONTH OF FEBRUARY 2024...
CLIMATE NORMAL PERIOD 1991 TO 2020
CLIMATE RECORD PERIOD 1954 TO 2024
WEATHER OBSERVED NORMAL DEPART LAST YEAR`S
VALUE DATE(S) VALUE FROM VALUE DATE(S)
NORMAL
................................................................
TEMPERATURE (F)
RECORD
HIGH 75 02/25/1986
LOW -9 02/07/1989
HIGHEST 59 02/25 63 -4 58 02/20
LOWEST 16 02/11 11 5 12 02/23
AVG. MAXIMUM 47.9 49.3 -1.4 46.1
AVG. MINIMUM 26.9 25.1 1.8 20.9
MEAN 37.4 37.2 0.2 33.5
DAYS MAX >= 90 0 0.0 0.0 0
DAYS MAX <= 32 0 0.7 -0.7 2
DAYS MIN <= 32 26 25.1 0.9 28
DAYS MIN <= 0 0 0.1 -0.1 0
PRECIPITATION (INCHES)
RECORD
MAXIMUM 2.68 1968
MINIMUM 0.00 2003
TOTALS 1.06 0.53 0.53 0.25
DAILY AVG. 0.04 NAN NAN 0.01
DAYS >= .01 8 4.2 3.8 3
DAYS >= .10 4 1.8 2.2 1
DAYS >= .50 0 0.0 0.0 0
DAYS >= 1.00 0 0.0 0.0 0
GREATEST
24 HR. TOTAL 0.41 02/05 TO 02/06 0.22
DEGREE DAYS
HEATING TOTAL 793 778 15 873
SINCE 7/1 3707 3952 -245 MM
COOLING TOTAL 0 0 0 0
SINCE 1/1 0 0 0 MM
................................................................
WIND (MPH)
AVERAGE WIND SPEED 9.5
HIGHEST WIND SPEED/DIRECTION 33/160 DATE 02/01
HIGHEST GUST SPEED/DIRECTION 46/160 DATE 02/01
AVERAGE RH (PERCENT) 65
WEATHER CONDITIONS. NUMBER OF DAYS WITH
THUNDERSTORM 0 MIXED PRECIP 0
HEAVY RAIN 2 RAIN 0
LIGHT RAIN 5 FREEZING RAIN 0
LT FREEZING RAIN 0 HAIL 0
HEAVY SNOW 1 SNOW 2
LIGHT SNOW 9 SLEET 0
FOG 10 FOG W/VIS <= 1/4 MILE 1
HAZE 1
- INDICATES NEGATIVE NUMBERS.
R INDICATES RECORD WAS SET OR TIED.
MM INDICATES DATA IS MISSING.
T INDICATES TRACE AMOUNT.
=====================================================================
...FEBRUARY 2024 IN TONOPAH WAS WARMER AND WETTER THAN NORMAL...
$$