000
CXUS54 KMRX 011828
CLMTRI

CLIMATE REPORT
NATIONAL WEATHER SERVICE MORRISTOWN TN
123 PM EST MON FEB 1 2016

...................................

...THE TRI-CITIES      ASOS CLIMATE SUMMARY FOR THE MONTH OF JANUARY 2016...

CLIMATE NORMAL PERIOD 1981 TO 2010
CLIMATE RECORD PERIOD 1934 TO 2016

WEATHER         OBSERVED          NORMAL  DEPART
                 VALUE   DATE(S)  VALUE   FROM
                                          NORMAL
................................................
TEMPERATURE (F)
HIGHEST            63   01/31
LOWEST              9   01/19
AVG. MAXIMUM     42.7              45.3    -2.6
AVG. MINIMUM     22.2              25.0    -2.8
MEAN             32.4              35.2    -2.8
DAYS MAX >= 90      0
DAYS MAX <= 32      4
DAYS MIN <= 32     28
DAYS MIN <= 0       0

PRECIPITATION (INCHES)
RECORD
 MAXIMUM         9.99   2013
 MINIMUM         1.06   1940
TOTALS           2.92              3.37   -0.45
DAYS >= .01        11
DAYS >= .10         6
DAYS >= .50         1
DAYS >= 1.00        0
GREATEST
 24 HR. TOTAL    0.82   01/22 TO 01/22

SNOWFALL (INCHES)
TOTALS            9.8               4.7     5.1
SINCE 7/1         9.8
SNOWDEPTH AVG.      1
DAYS >= TRACE       8
GREATEST
 SNOW DEPTH         7   01/24

DEGREE_DAYS
HEATING TOTAL    1002               925      77
 SINCE 7/1       2088              2654    -566
COOLING TOTAL       0                 0       0
 SINCE 1/1          0                 0       0
.................................................



-  INDICATES NEGATIVE NUMBERS.
R  INDICATES RECORD WAS SET OR TIED.
MM INDICATES DATA IS MISSING.
T  INDICATES TRACE AMOUNT.

$$
