000
CXUS51 KPHI 021246
CLMTTN


CLIMATE REPORT
NATIONAL WEATHER SERVICE MOUNT HOLLY NJ
746 AM EST MON FEB 2 2015

...................................

...THE TRENTON CLIMATE SUMMARY FOR THE MONTH OF JANUARY 2015...

CLIMATE NORMAL PERIOD 1981 TO 2010
CLIMATE RECORD PERIOD 1865 TO 2015

WEATHER         OBSERVED          NORMAL  DEPART  LAST YEAR`S
                 VALUE   DATE(S)  VALUE   FROM    VALUE  DATE(S)
                                          NORMAL
................................................................
TEMPERATURE (F)
RECORD
 HIGH              73   01/14/1932
 LOW              -13   01/22/1984
                        01/30/1873
HIGHEST            56                MM      MM       63
LOWEST              7                MM      MM       -1
AVG. MAXIMUM     35.6              39.0    -3.4     35.5
AVG. MINIMUM     20.5              23.2    -2.7     16.7
MEAN             28.1              31.1    -3.0     26.1
DAYS MAX >= 90      0               0.0     0.0        0
DAYS MAX <= 32     10               8.0     2.0       12
DAYS MIN <= 32     29              25.1     3.9       28
DAYS MIN <= 0       0               0.1    -0.1        1

PRECIPITATION (INCHES)
RECORD
 MAXIMUM         8.99   1979
 MINIMUM         0.11   1876
TOTALS           4.34              3.16    1.18     3.27
DAILY AVG.       0.14              0.10    0.04     0.11
DAYS >= .01         8                MM      MM       12
DAYS >= .10         7                MM      MM        9
DAYS >= .50         3                MM      MM        2
DAYS >= 1.00        1                MM      MM        0
GREATEST
 24 HR. TOTAL    1.97   01/18 TO 01/18              0.73
                        01/17 TO 01/18
                        01/18 TO 01/18

SNOWFALL (INCHES)
RECORDS
 TOTAL             MM   5
 24 HR TOTAL       MM
TOTALS             MM                MM      MM       MM
SINCE 7/1          MM                MM      MM       MM
SNOWDEPTH AVG.     MM                MM      MM        0
DAYS >= 1.0         0                MM      MM        0
GREATEST
 SNOW DEPTH        MM                                  0  MM
 24 HR TOTAL       MM                                 MM

DEGREE_DAYS
HEATING TOTAL    1137              1051      86     1198
 SINCE 7/1       2905              2946     -41     3085
COOLING TOTAL       0                 0       0        0
 SINCE 1/1          0                 0       0        0
.................................................................

WIND (MPH)
AVERAGE WIND SPEED              8.0
HIGHEST WIND SPEED/DIRECTION    26/340    DATE  01/30
HIGHEST GUST SPEED/DIRECTION    41/290    DATE  01/05

SKY COVER
POSSIBLE SUNSHINE (PERCENT)   MM
AVERAGE SKY COVER           0.50
NUMBER OF DAYS FAIR           13
NUMBER OF DAYS PC             14
NUMBER OF DAYS CLOUDY          4

AVERAGE RH (PERCENT)     60

WEATHER CONDITIONS. NUMBER OF DAYS WITH
THUNDERSTORM              0     MIXED PRECIP               0
HEAVY RAIN                2     RAIN                       4
LIGHT RAIN                6     FREEZING RAIN              1
LT FREEZING RAIN          2     HEAVY SNOW                 0
SNOW                      2     LIGHT SNOW                13
SLEET                     1     FOG                       15
FOG W/VIS <= 1/4 MILE     1     HAZE                       8

-  INDICATES NEGATIVE NUMBERS.
R  INDICATES RECORD WAS SET OR TIED.
MM INDICATES DATA IS MISSING.
T  INDICATES TRACE AMOUNT.

$$
