000
CXUS54 KTSA 011603
CLMTUL

CLIMATE REPORT
NATIONAL WEATHER SERVICE TULSA OK
1100 AM CDT MON AUG 1 2016

...................................

...THE TULSA OKLAHOMA CLIMATE SUMMARY FOR THE MONTH OF JULY 2016...

CLIMATE NORMAL PERIOD 1981 TO 2010
CLIMATE RECORD PERIOD 1882 TO 2016

WEATHER         OBSERVED          NORMAL  DEPART  LAST YEAR`S
                 VALUE   DATE(S)  VALUE   FROM    VALUE  DATE(S)
                                          NORMAL
................................................................
TEMPERATURE (F)
RECORD
 HIGH             113   07/19/1936
                        07/18/1936
 LOW               49   07/06/2015
HIGHEST           101   07/24        94       7       99  07/24
                        07/22
LOWEST             67   07/14        73      -6       67  07/08
                                                          07/07
AVG. MAXIMUM     94.7              93.1     1.6     93.1
AVG. MINIMUM     75.7              72.7     3.0     75.3
MEAN             85.2              82.9     2.3     84.2
DAYS MAX >= 90     27              22.6     4.4       27
DAYS MAX <= 32      0               0.0     0.0        0
DAYS MIN <= 32      0               0.0     0.0        0
DAYS MIN <= 0       0               0.0     0.0        0

PRECIPITATION (INCHES)
RECORD
 MAXIMUM        11.39   1994
 MINIMUM            T   1935
TOTALS           3.76              3.36    0.40     6.72
DAILY AVG.       0.12              0.11    0.01     0.22
DAYS >= .01         7               6.4     0.6        9
DAYS >= .10         5               4.2     0.8        8
DAYS >= .50         4               2.4     1.6        4
DAYS >= 1.00        2               1.1     0.9        2
GREATEST
 24 HR. TOTAL    1.12   07/14 TO 07/14
                        07/13 TO 07/14
                        07/14 TO 07/14

DEGREE_DAYS
COOLING TOTAL     637               555      82      601
 SINCE 1/1       1374              1168     206     1288
.................................................................

WIND (MPH)
AVERAGE WIND SPEED              9.7
HIGHEST WIND SPEED/DIRECTION    41/310    DATE  07/14
HIGHEST GUST SPEED/DIRECTION    53/320    DATE  07/14

SKY COVER
POSSIBLE SUNSHINE (PERCENT)   MM
AVERAGE SKY COVER           0.50
NUMBER OF DAYS FAIR           11
NUMBER OF DAYS PC             15
NUMBER OF DAYS CLOUDY          5

AVERAGE RH (PERCENT)     68

WEATHER CONDITIONS. NUMBER OF DAYS WITH
THUNDERSTORM             13     MIXED PRECIP               0
HEAVY RAIN                4     RAIN                       4
LIGHT RAIN               12     FREEZING RAIN              0
LT FREEZING RAIN          0     HAIL                       0
HEAVY SNOW                0     SNOW                       0
LIGHT SNOW                0     SLEET                      0
FOG                       6     FOG W/VIS <= 1/4 MILE      0
HAZE                      0

-  INDICATES NEGATIVE NUMBERS.
R  INDICATES RECORD WAS SET OR TIED.
MM INDICATES DATA IS MISSING.
T  INDICATES TRACE AMOUNT.

&&
-------------------------------------------------------------------
 YEARLY PRECIPITATION (INCHES):
 TOTAL.....................18.39
 DEPARTURE FROM NORMAL.....-6.19
$$
