000
CXUS54 KTSA 011635
CLMTUL

CLIMATE REPORT
NATIONAL WEATHER SERVICE TULSA OK
1134 AM CDT THU SEP 1 2016

...................................

...THE TULSA OKLAHOMA CLIMATE SUMMARY FOR THE MONTH OF AUGUST 2016...

CLIMATE NORMAL PERIOD 1981 TO 2010
CLIMATE RECORD PERIOD 1882 TO 2016

WEATHER         OBSERVED          NORMAL  DEPART  LAST YEAR`S
                 VALUE   DATE(S)  VALUE   FROM    VALUE  DATE(S)
                                          NORMAL
................................................................
TEMPERATURE (F)
RECORD
 HIGH             115   08/10/1936
 LOW               48   08/31/1915
HIGHEST           100   08/11        93       7      102  08/09
                        08/04                             08/08
                        08/03                             08/07
LOWEST             59   08/21        71     -12       56  08/25
                                                          08/20
AVG. MAXIMUM     93.2              93.1     0.1     90.2
AVG. MINIMUM     72.7              71.3     1.4     68.5
MEAN             83.0              82.2     0.8     79.4
DAYS MAX >= 90     23              21.9     1.1       18
DAYS MAX <= 32      0               0.0     0.0        0
DAYS MIN <= 32      0               0.0     0.0        0
DAYS MIN <= 0       0               0.0     0.0        0

PRECIPITATION (INCHES)
RECORD
 MAXIMUM        11.80   1927
 MINIMUM         0.00   1896
TOTALS           2.31              2.90   -0.59     5.16
DAILY AVG.       0.07              0.09   -0.02     0.17
DAYS >= .01         7               6.6     0.4        8
DAYS >= .10         2               4.2    -2.2        4
DAYS >= .50         1               2.0    -1.0        3
DAYS >= 1.00        1               0.9     0.1        1
GREATEST
 24 HR. TOTAL    2.01   08/06 TO 08/06
                        08/05 TO 08/06
                        08/06 TO 08/06

DEGREE_DAYS
COOLING TOTAL     566               533      33      451
 SINCE 1/1       1940              1701     239     1739
.................................................................

WIND (MPH)
AVERAGE WIND SPEED              8.0
HIGHEST WIND SPEED/DIRECTION    36/120    DATE  08/30
HIGHEST GUST SPEED/DIRECTION    48/130    DATE  08/30

SKY COVER
POSSIBLE SUNSHINE (PERCENT)   MM
AVERAGE SKY COVER           0.50
NUMBER OF DAYS FAIR            7
NUMBER OF DAYS PC             19
NUMBER OF DAYS CLOUDY          5

AVERAGE RH (PERCENT)     68

WEATHER CONDITIONS. NUMBER OF DAYS WITH
THUNDERSTORM              8     MIXED PRECIP               0
HEAVY RAIN                1     RAIN                       4
LIGHT RAIN                8     FREEZING RAIN              0
LT FREEZING RAIN          0     HAIL                       0
HEAVY SNOW                0     SNOW                       0
LIGHT SNOW                0     SLEET                      0
FOG                       4     FOG W/VIS <= 1/4 MILE      0
HAZE                      2

-  INDICATES NEGATIVE NUMBERS.
R  INDICATES RECORD WAS SET OR TIED.
MM INDICATES DATA IS MISSING.
T  INDICATES TRACE AMOUNT.

&&
-------------------------------------------------------------------
 YEARLY PRECIPITATION (INCHES):
 TOTAL.....................20.70
 DEPARTURE FROM NORMAL.....-6.78
$$
