718
CXUS55 KTWC 060522
CLMTUS

CLIMATE REPORT
NATIONAL WEATHER SERVICE TUCSON AZ
817 AM MST SAT APR 1 2017

...................................

...THE TUCSON AZ CLIMATE SUMMARY FOR THE MONTH OF MARCH 2017...

CLIMATE NORMAL PERIOD 1981 TO 2010
CLIMATE RECORD PERIOD 1895 TO 2017

WEATHER         OBSERVED          NORMAL  DEPART  LAST YEAR`S
                 VALUE   DATE(S)  VALUE   FROM    VALUE  DATE(S)
                                          NORMAL
................................................................
TEMPERATURE (F)
RECORD
 HIGH              99   03/26/1988
 LOW               20   03/04/1965
HIGHEST            94   03/20        87       7       91  03/21
                        03/19
                        03/18
LOWEST             40   03/07        34       6       40  03/31
                        03/02                             03/09
                        03/01
AVG. MAXIMUM     83.3              74.1     9.2     80.2
AVG. MINIMUM     52.4              46.2     6.2     49.9
MEAN             67.9              60.1     7.8     65.0
DAYS MAX >= 90     10               0.6     9.4        1
DAYS MAX <= 32      0               0.0     0.0        0
DAYS MIN <= 32      0               0.3    -0.3        0
DAYS MIN <= 0       0               0.0     0.0        0

PRECIPITATION (INCHES)
RECORD
 MAXIMUM         3.88   1905
 MINIMUM         0.00   1984
                        1956
                        1933
TOTALS           0.21              0.73   -0.52     0.11
DAILY AVG.       0.01              0.02   -0.01     0.00
DAYS >= .01         1               3.9    -2.9        1
DAYS >= .10         1               2.1    -1.1        1
DAYS >= .50         0               0.5    -0.5        0
DAYS >= 1.00        0               0.0     0.0        0
GREATEST
 24 HR. TOTAL    0.21   03/28 TO 03/28           03/08 TO 03/08
                                                          03/07 TO 03/08
                                                          03/08 TO 03/08

DEGREE_DAYS
HEATING TOTAL      47               179    -132       67
 SINCE 7/1        928              1446    -518     1195
COOLING TOTAL     144                29     115       78
 SINCE 1/1        153                33     120      112
.........................................................

WIND (MPH)
AVERAGE WIND SPEED              7.8
HIGHEST WIND SPEED/DIRECTION    30/190    DATE  03/31
HIGHEST GUST SPEED/DIRECTION    45/210    DATE  03/30

AVERAGE RH (PERCENT)     26

WEATHER CONDITIONS. NUMBER OF DAYS WITH
THUNDERSTORM              0     MIXED PRECIP               0
HEAVY RAIN                0     RAIN                       0
LIGHT RAIN                2     FREEZING RAIN              0
LT FREEZING RAIN          0     HAIL                       0
HEAVY SNOW                0     SNOW                       0
LIGHT SNOW                0     SLEET                      0
FOG                       0     FOG W/VIS <= 1/4 MILE      0
HAZE                      2

-  INDICATES NEGATIVE NUMBERS.
R  INDICATES RECORD WAS SET OR TIED.
MM INDICATES DATA IS MISSING.
T  INDICATES TRACE AMOUNT.

$$
