000
CXUS55 KTWC 011608
CLMTUS

CLIMATE REPORT
NATIONAL WEATHER SERVICE TUCSON AZ
908 AM MST FRI APR 1 2016

...................................

...THE TUCSON AZ CLIMATE SUMMARY FOR THE MONTH OF MARCH 2016...

CLIMATE NORMAL PERIOD 1981 TO 2010
CLIMATE RECORD PERIOD 1895 TO 2016

WEATHER         OBSERVED          NORMAL  DEPART  LAST YEAR`S
                 VALUE   DATE(S)  VALUE   FROM    VALUE  DATE(S)
                                          NORMAL
................................................................
TEMPERATURE (F)
RECORD
 HIGH              99   03/26/1988
 LOW               20   03/04/1965
HIGHEST            91   03/21        87       4       93  03/30
                                                          03/28
                                                          03/27
LOWEST             40   03/31        34       6       39  03/05
                        03/09
AVG. MAXIMUM     80.2              74.1     6.1     80.2
AVG. MINIMUM     49.9              46.2     3.7     52.3
MEAN             65.0              60.1     4.9     66.3
DAYS MAX >= 90      1               0.6     0.4        5
DAYS MAX <= 32      0               0.0     0.0        0
DAYS MIN <= 32      0               0.3    -0.3        0
DAYS MIN <= 0       0               0.0     0.0        0

PRECIPITATION (INCHES)
RECORD
 MAXIMUM         3.88   1905
 MINIMUM         0.00   1984
                        1956
                        1933
TOTALS           0.11              0.73   -0.62     0.50
DAILY AVG.       0.00              0.02   -0.02     0.02
DAYS >= .01         1               3.9    -2.9        3
DAYS >= .10         1               2.1    -1.1        2
DAYS >= .50         0               0.5    -0.5        0
DAYS >= 1.00        0               0.0     0.0        0
GREATEST
 24 HR. TOTAL    0.11   03/08 TO 03/08           03/02 TO 03/02
                        03/07 TO 03/08                    03/02 TO 03/02
                        03/08 TO 03/08                    03/02 TO 03/02

DEGREE_DAYS
HEATING TOTAL      67               179    -112       47
 SINCE 7/1       1195              1446    -251      889
COOLING TOTAL      78                29      49       93
 SINCE 1/1        112                33      79      101
...................................................

WIND (MPH)
AVERAGE WIND SPEED              7.1
HIGHEST WIND SPEED/DIRECTION    29/250    DATE  03/22
HIGHEST GUST SPEED/DIRECTION    40/200    DATE  03/07

AVERAGE RH (PERCENT)     24

WEATHER CONDITIONS. NUMBER OF DAYS WITH
THUNDERSTORM              0     MIXED PRECIP               0
HEAVY RAIN                0     RAIN                       1
LIGHT RAIN                2     FREEZING RAIN              0
LT FREEZING RAIN          0     HAIL                       0
HEAVY SNOW                0     SNOW                       0
LIGHT SNOW                0     SLEET                      0
FOG                       0     FOG W/VIS <= 1/4 MILE      0
HAZE                      0

-  INDICATES NEGATIVE NUMBERS.
R  INDICATES RECORD WAS SET OR TIED.
MM INDICATES DATA IS MISSING.
T  INDICATES TRACE AMOUNT.

$$
