000
CXUS53 KAPX 051229
CLMTVC


CLIMATE REPORT
NATIONAL WEATHER SERVICE GAYLORD MI
829 AM EDT WED JUL 5 2017

...................................

...THE TRAVERSE CITY MI CLIMATE SUMMARY FOR THE MONTH OF JUNE 2017...

CLIMATE NORMAL PERIOD 1981 TO 2010
CLIMATE RECORD PERIOD 1896 TO 2017

WEATHER         OBSERVED          NORMAL  DEPART  LAST YEAR`S
                 VALUE   DATE(S)  VALUE   FROM    VALUE  DATE(S)
                                          NORMAL
................................................................
TEMPERATURE (F)
RECORD
 HIGH             104   06/01/1934
 LOW               28   06/03/1965
HIGHEST            89   06/10        MM      MM       90  06/25
                                                          06/19
                                                          06/18
LOWEST             40   06/01        MM      MM       43  06/09
                                                          06/08
AVG. MAXIMUM     77.3              75.6     1.7     77.4
AVG. MINIMUM     56.3              52.3     4.0     53.9
MEAN             66.8              63.9     2.9     65.6
DAYS MAX >= 90      0               1.4    -1.4        3
DAYS MAX <= 32      0               0.0     0.0        0
DAYS MIN <= 32      0               0.1    -0.1        0
DAYS MIN <= 0       0               0.0     0.0        0

PRECIPITATION (INCHES)
RECORD
 MAXIMUM           MM   MM
 MINIMUM           MM   MM
TOTALS           4.22              3.16    1.06     2.07
DAILY AVG.       0.14              0.11    0.03     0.07
DAYS >= .01        15               9.9     5.1       12
DAYS >= .10        10               5.4     4.6        7
DAYS >= .50         4               2.0     2.0        1
DAYS >= 1.00        1               0.8     0.2        0
GREATEST
 24 HR. TOTAL    1.10   06/12 TO 06/12
 STORM TOTAL       MM
 (MM/DD(HH))            MM

DEGREE_DAYS
COOLING TOTAL     109                81      28
 SINCE 1/1        130               101      29

FREEZE DATES
RECORD
 EARLIEST     MM
 LATEST       MM
EARLIEST      10/26             MM
LATEST        04/24             MM
.................................................................

WIND (MPH)
AVERAGE WIND SPEED              5.7
HIGHEST WIND SPEED/DIRECTION    35/320    DATE  06/03
HIGHEST GUST SPEED/DIRECTION    46/260    DATE  06/12

SKY COVER
POSSIBLE SUNSHINE (PERCENT)   MM
AVERAGE SKY COVER           0.60
NUMBER OF DAYS FAIR            2
NUMBER OF DAYS PC             20
NUMBER OF DAYS CLOUDY          8

AVERAGE RH (PERCENT)     68

WEATHER CONDITIONS. NUMBER OF DAYS WITH
THUNDERSTORM              0     MIXED PRECIP               0
HEAVY RAIN                3     RAIN                       6
LIGHT RAIN               16     FREEZING RAIN              0
LT FREEZING RAIN          0     HAIL                       0
HEAVY SNOW                0     SNOW                       0
LIGHT SNOW                0     SLEET                      0
FOG                      14     FOG W/VIS <= 1/4 MILE      0
HAZE                      1

-  INDICATES NEGATIVE NUMBERS.
R  INDICATES RECORD WAS SET OR TIED.
MM INDICATES DATA IS MISSING.
T  INDICATES TRACE AMOUNT.

$$
