000
CXUS54 KMRX 011743
CLMTYS


CLIMATE REPORT
NATIONAL WEATHER SERVICE MORRISTOWN TN
142 PM EDT SAT OCT 1 2016

...................................

...THE KNOXVILLE    ASOS CLIMATE SUMMARY FOR THE MONTH OF SEPTEMBER 2016...

CLIMATE NORMAL PERIOD 1981 TO 2010
CLIMATE RECORD PERIOD 1871 TO 2016

WEATHER         OBSERVED          NORMAL  DEPART
                 VALUE   DATE(S)  VALUE   FROM
                                          NORMAL
................................................
TEMPERATURE (F)
HIGHEST            95   09/08
                        09/07
LOWEST             49   09/30
AVG. MAXIMUM     88.8              81.8     7.0
AVG. MINIMUM     64.5              60.4     4.1
MEAN             76.6              71.1     5.5
DAYS MAX >= 90     19
DAYS MAX <= 32      0
DAYS MIN <= 32      0
DAYS MIN <= 0       0

PRECIPITATION (INCHES)
RECORD
 MAXIMUM         9.19   1989
 MINIMUM         0.19   2014
TOTALS           1.42              3.24   -1.82
DAYS >= .01         4
DAYS >= .10         4
DAYS >= .50         1
DAYS >= 1.00        0
GREATEST
 24 HR. TOTAL    0.56   09/18 TO 09/18
                        09/18 TO 09/19

SNOWFALL (INCHES)
TOTALS            0.0               0.0     0.0
SINCE 7/1         0.0
SNOWDEPTH AVG.      0
DAYS >= TRACE       0
GREATEST
 SNOW DEPTH         0   MM

DEGREE_DAYS
HEATING TOTAL       4                23     -19
 SINCE 7/1          4                23     -19
COOLING TOTAL     362               206     156
 SINCE 1/1       2012              1487     525
.................................................



-  INDICATES NEGATIVE NUMBERS.
R  INDICATES RECORD WAS SET OR TIED.
MM INDICATES DATA IS MISSING.
T  INDICATES TRACE AMOUNT.

$$
