000
CXUS53 KLOT 011404
CLMVPZ


CLIMATE REPORT
NATIONAL WEATHER SERVICE CHICAGO IL
900 AM CDT WED NOV 1 2017

...................................

...THE VALPARAISO CLIMATE SUMMARY FOR THE MONTH OF OCTOBER 2017...

CLIMATE NORMAL PERIOD 1981 TO 2010
CLIMATE RECORD PERIOD 1998 TO 2017

WEATHER         OBSERVED          NORMAL  DEPART  LAST YEAR`S
                 VALUE   DATE(S)  VALUE   FROM    VALUE
                                          NORMAL
.............................................................
TEMPERATURE (F)
RECORD
 HIGH              88   10/08/2007
                        10/07/2007
                        10/06/2007
 LOW               25   10/22/2013
                        10/25/2006
                        01/05/1999
HIGHEST            85   10/07        MM      MM       82
LOWEST             31   10/26        MM      MM       35
AVG. MAXIMUM     67.8              62.7     5.1     67.1
AVG. MINIMUM     49.1              42.2     6.9     47.4
MEAN             58.5              52.4     6.1     57.3

PRECIPITATION (INCHES)
RECORD
 MAXIMUM         8.31   2001
 MINIMUM         0.90   1998
TOTALS           6.51              3.25    3.26     4.65

DEGREE_DAYS
HEATING TOTAL     245               400    -155      255
 SINCE 7/1        310               530    -220      290
COOLING TOTAL      48                11      37       23
 SINCE 1/1        968               713     255     1013
..............................................................

WIND (MPH)
AVERAGE WIND SPEED              8.6
HIGHEST WIND SPEED/DIRECTION    31/270    DATE  10/30
HIGHEST GUST SPEED/DIRECTION    40/260    DATE  10/30

AVERAGE RH (PERCENT)     71


-  INDICATES NEGATIVE NUMBERS.
R  INDICATES RECORD WAS SET OR TIED.
MM INDICATES DATA IS MISSING.
T  INDICATES TRACE AMOUNT.

$$
