000
CXUS51 KBTV 011457
CLMVSF


CLIMATE REPORT
NATIONAL WEATHER SERVICE BURLINGTON VT
957 AM EST MON FEB 1 2016

...................................

...THE SPRINGFIELD VT CLIMATE SUMMARY FOR THE MONTH OF JANUARY 2016...

CLIMATE NORMAL PERIOD 1981 TO 2010
CLIMATE RECORD PERIOD 9999 TO 9999

WEATHER         OBSERVED          NORMAL  DEPART  LAST YEAR`S
                 VALUE   DATE(S)  VALUE   FROM    VALUE  DATE(S)
                                          NORMAL
................................................................
TEMPERATURE (F)
RECORD
 HIGH              66   MM
 LOW              -18   01/04/2014
HIGHEST            43   01/31        MM      MM       41  01/04
                        01/10
LOWEST              0   01/06        MM      MM      -13  01/14
AVG. MAXIMUM     32.7              29.3     3.4     26.1
AVG. MINIMUM     15.3               9.8     5.5      4.7
MEAN             24.0              19.5     4.5     15.4
DAYS MAX >= 90      0               0.0     0.0        0
DAYS MAX <= 32     12              18.0    -6.0       23
DAYS MIN <= 32     31              30.6     0.4       31
DAYS MIN <= 0       1               7.6    -6.6       12

PRECIPITATION (INCHES)
RECORD
 MAXIMUM           MM   MM
 MINIMUM           MM   MM
TOTALS           1.49              2.92   -1.43     2.53
DAILY AVG.       0.05              0.09   -0.04     0.08
DAYS >= .01         6                MM      MM       10
DAYS >= .10         4                MM      MM        6
DAYS >= .50         1                MM      MM        2
DAYS >= 1.00        1                MM      MM        1
GREATEST
 24 HR. TOTAL    1.09   01/10 TO 01/10           01/18 TO 01/18
                                                          01/31 TO 01/31
                                                          01/31 TO 01/31
 STORM TOTAL       MM                                 MM
 (MM/DD(HH))            MM                    01/18(00) TO 01/18(00)
                                                 01/31(00) TO 01/31(00)1
                                                 01/31(00) TO 01/31(00)1

DEGREE_DAYS
HEATING TOTAL    1265              1409    -144     1531
 SINCE 7/1       3548              4272    -724     4003
..................................................

WIND (MPH)
AVERAGE WIND SPEED              4.5
HIGHEST WIND SPEED/DIRECTION    31/290    DATE  01/13
HIGHEST GUST SPEED/DIRECTION    43/310    DATE  01/13

SKY COVER
POSSIBLE SUNSHINE (PERCENT)   MM
AVERAGE SKY COVER           0.50
NUMBER OF DAYS FAIR           13
NUMBER OF DAYS PC             11
NUMBER OF DAYS CLOUDY          7

AVERAGE RH (PERCENT)     66

WEATHER CONDITIONS. NUMBER OF DAYS WITH
THUNDERSTORM              0     MIXED PRECIP               0
HEAVY RAIN                1     RAIN                       1
LIGHT RAIN                3     FREEZING RAIN              0
LT FREEZING RAIN          0     HAIL                       0
HEAVY SNOW                1     SNOW                       2
LIGHT SNOW               12     SLEET                      0
FOG                      15     FOG W/VIS <= 1/4 MILE      2
HAZE                     11

-  INDICATES NEGATIVE NUMBERS.
R  INDICATES RECORD WAS SET OR TIED.
MM INDICATES DATA IS MISSING.
T  INDICATES TRACE AMOUNT.

$$
