000
CXUS53 KLBF 010955
CLMVTN


CLIMATE REPORT
NATIONAL WEATHER SERVICE NORTH PLATTE
454 AM CDT THU SEP 1 2016

...................................

...THE VALENTINE NE CLIMATE SUMMARY FOR THE MONTH OF AUGUST 2016...

CLIMATE NORMAL PERIOD 1981 TO 2010
CLIMATE RECORD PERIOD 1885 TO 2016

WEATHER         OBSERVED          NORMAL  DEPART  LAST YEAR`S
                 VALUE   DATE(S)  VALUE   FROM    VALUE  DATE(S)
                                          NORMAL
................................................................
TEMPERATURE (F)
RECORD
 HIGH             108   08/29/2012
                        08/13/1965
                        08/09/1947
 LOW               34   08/28/1988
                        08/30/1935
HIGHEST           100   08/18       101      -1      101  08/15
LOWEST             45   08/26        44       1       38  08/24
                        08/21
AVG. MAXIMUM     85.8              87.0    -1.2     86.0
AVG. MINIMUM     58.2              58.7    -0.5     57.4
MEAN             72.0              72.8    -0.8     71.7
DAYS MAX >= 90     12              12.3    -0.3       11
DAYS MAX <= 32      0               0.0     0.0        0
DAYS MIN <= 32      0               0.0     0.0        0
DAYS MIN <= 0       0               0.0     0.0        0

PRECIPITATION (INCHES)
RECORD
 MAXIMUM         6.71   1966
 MINIMUM         0.06   1947
TOTALS           1.34              2.18   -0.84     1.89
DAILY AVG.       0.04              0.07   -0.03     0.06
DAYS >= .01         9               7.9     1.1        7
DAYS >= .10         4               4.5    -0.5        5
DAYS >= .50         1               1.2    -0.2        2
DAYS >= 1.00        0               0.5    -0.5        0
GREATEST
 24 HR. TOTAL    0.51   08/30 TO 08/30           08/18 TO 08/18
                        08/29 TO 08/30                    08/31 TO 08/31
                        08/30 TO 08/30                    08/31 TO 08/31

SNOWFALL (INCHES)
RECORDS
 TOTAL            0.0   2002
TOTALS            0.0               0.0     0.0      0.0
SINCE 7/1         0.0               0.0     0.0      0.0
SNOWDEPTH AVG.      0                MM      MM        0
DAYS >= 1.0         0               0.0     0.0        0
GREATEST
 SNOW DEPTH         0   MM                             0  MM
 24 HR TOTAL      0.0   08/31 TO 08/31

DEGREE_DAYS
HEATING TOTAL      23                17       6       29
 SINCE 7/1         28                25       3       31
COOLING TOTAL     248               261     -13      242
 SINCE 1/1        797               736      61      660
..................................................

WIND (MPH)
AVERAGE WIND SPEED              9.6
HIGHEST WIND SPEED/DIRECTION    33/350    DATE  08/18
HIGHEST GUST SPEED/DIRECTION    47/350    DATE  08/18

SKY COVER
POSSIBLE SUNSHINE (PERCENT)   MM
AVERAGE SKY COVER           0.20
NUMBER OF DAYS FAIR           24
NUMBER OF DAYS PC              5
NUMBER OF DAYS CLOUDY          2

AVERAGE RH (PERCENT)     63

WEATHER CONDITIONS. NUMBER OF DAYS WITH
THUNDERSTORM              0     MIXED PRECIP               0
HEAVY RAIN                2     RAIN                       3
LIGHT RAIN               13     FREEZING RAIN              0
LT FREEZING RAIN          0     HAIL                       0
HEAVY SNOW                0     SNOW                       0
LIGHT SNOW                0     SLEET                      0
FOG                       6     FOG W/VIS <= 1/4 MILE      2
HAZE                      1

-  INDICATES NEGATIVE NUMBERS.
R  INDICATES RECORD WAS SET OR TIED.
MM INDICATES DATA IS MISSING.
T  INDICATES TRACE AMOUNT.

$$
