000
CXUS56 KPQR 011507
CLMVUO


CLIMATE REPORT
NATIONAL WEATHER SERVICE PORTLAND OREGON
807 AM PDT THU JUN 1 2017

...................................

...THE VANCOUVER WA CLIMATE SUMMARY FOR THE MONTH OF MAY 2017...

CLIMATE NORMAL PERIOD 1981 TO 2010
CLIMATE RECORD PERIOD 1891 TO 2017

WEATHER         OBSERVED          NORMAL  DEPART  LAST YEAR`S
                 VALUE   DATE(S)  VALUE   FROM    VALUE  DATE(S)
                                          NORMAL
................................................................
TEMPERATURE (F)
RECORD
 HIGH              99   05/28/1983
 LOW               28   05/12/1985
                        05/11/1985
HIGHEST            92                MM      MM       87  05/31
LOWEST             39                MM      MM       41  05/10
AVG. MAXIMUM     70.6              68.1     2.5     71.1
AVG. MINIMUM     48.6              48.2     0.4     50.3
MEAN             59.6              58.1     1.5     60.7
DAYS MAX >= 90      2               0.6     1.4        0
DAYS MAX <= 32      0               0.0     0.0        0
DAYS MIN <= 32      0               0.1    -0.1        0
DAYS MIN <= 0       0               0.0     0.0        0

PRECIPITATION (INCHES)
TOTALS           1.79                               1.63
DAYS >= .01        11                                  9
DAYS >= .10         7                                  3
DAYS >= .50         1                                  1
DAYS >= 1.00        0                                  0
GREATEST
 24 HR. TOTAL    0.59   05/13 TO 05/13

DEGREE_DAYS
HEATING TOTAL     198                                145
 SINCE 7/1       4430                               3736
COOLING TOTAL      40                                 18
 SINCE 1/1         40                                 24
.................................................................

WIND (MPH)
AVERAGE WIND SPEED              4.7
RESULTANT WIND SPEED/DIRECTION   2/300
HIGHEST WIND SPEED/DIRECTION    25/280    DATE  05/16
HIGHEST GUST SPEED/DIRECTION    36/290    DATE  05/16

SKY COVER
POSSIBLE SUNSHINE (PERCENT)   MM
AVERAGE SKY COVER           0.50

AVERAGE RH (PERCENT)     70

WEATHER CONDITIONS. NUMBER OF DAYS WITH
THUNDERSTORM              0     MIXED PRECIP               0
HEAVY RAIN                1     RAIN                       1
LIGHT RAIN               12     FREEZING RAIN              0
LT FREEZING RAIN          0     HAIL                       0
HEAVY SNOW                0     SNOW                       0
LIGHT SNOW                0     SLEET                      0
FOG                       9     FOG W/VIS <= 1/4 MILE      0
HAZE                      0

-  INDICATES NEGATIVE NUMBERS.
R  INDICATES RECORD WAS SET OR TIED.
MM INDICATES DATA IS MISSING.
T  INDICATES TRACE AMOUNT.

$$
