154
CXUS55 KLKN 011653
CLMWMC


CLIMATE REPORT
NATIONAL WEATHER SERVICE ELKO NV
944 AM PDT MON MAY 1 2017

...................................

...THE WINNEMUCCA AIRPORT NV CLIMATE SUMMARY FOR THE MONTH OF APRIL 2017...

CLIMATE NORMAL PERIOD 1981 TO 2010
CLIMATE RECORD PERIOD 1877 TO 2017

WEATHER         OBSERVED          NORMAL  DEPART  LAST YEAR`S
                 VALUE   DATE(S)  VALUE   FROM    VALUE  DATE(S)
                                          NORMAL
................................................................
TEMPERATURE (F)
RECORD
 HIGH              90   04/23/2012
                        04/22/2012
                        04/30/1981
 LOW                6   04/30/1972
HIGHEST            72   04/22        80      -8       79  04/21
                        04/05                             04/20
                                                          04/07
LOWEST             18   04/29        16       2       19  04/16
AVG. MAXIMUM     60.0              62.5    -2.5     66.1
AVG. MINIMUM     31.7              30.7     1.0     32.4
MEAN             45.9              46.6    -0.7     49.2
DAYS MAX >= 90      0               0.0     0.0        0
DAYS MAX <= 32      0               0.0     0.0        0
DAYS MIN <= 32     14              16.8    -2.8       15
DAYS MIN <= 0       0               0.0     0.0        0

PRECIPITATION (INCHES)
RECORD
 MAXIMUM         3.34   1935
 MINIMUM         0.06   1959
                        1921
TOTALS           0.93              0.89    0.04     1.07
DAILY AVG.       0.03              0.03    0.00     0.04
DAYS >= .01         9               7.7     1.3       10
DAYS >= .10         5               2.6     2.4        4
DAYS >= .50         0               0.3    -0.3        0
DAYS >= 1.00        0               0.1    -0.1        0
GREATEST
 24 HR. TOTAL    0.26   04/13 TO 04/13              0.38

SNOWFALL (INCHES)
RECORDS
 TOTAL           12.0   1964
TOTALS              T               1.6    -1.6        T
SINCE 7/1        18.3              20.8    -2.5     21.1
SNOWDEPTH AVG.      0                                  0
DAYS >= TRACE       2               1.9     0.1        2
DAYS >= 1.0         0               0.5    -0.5        0
DAYS >= 5.0         0                                  0
GREATEST
 SNOW DEPTH         0   MM                             0
 24 HR TOTAL        T   04/28 TO 04/28                 T

DEGREE_DAYS
HEATING TOTAL     565               552      13      463
 SINCE 7/1       5630              5880    -250     5299
COOLING TOTAL       0                 0       0        0
 SINCE 1/1          0                 0       0        0
.................................................................

WIND (MPH)
AVERAGE WIND SPEED              8.7
HIGHEST WIND SPEED/DIRECTION    35/250    DATE  04/24
HIGHEST GUST SPEED/DIRECTION    44/220    DATE  04/16

AVERAGE RH (PERCENT)     57

WEATHER CONDITIONS. NUMBER OF DAYS WITH
THUNDERSTORM              0     MIXED PRECIP               0
HEAVY RAIN                1     RAIN                       3
LIGHT RAIN               11     FREEZING RAIN              0
LT FREEZING RAIN          0     HAIL                       0
HEAVY SNOW                0     SNOW                       0
LIGHT SNOW                2     SLEET                      0
FOG                       7     FOG W/VIS <= 1/4 MILE      0
HAZE                      1

-  INDICATES NEGATIVE NUMBERS.
R  INDICATES RECORD WAS SET OR TIED.
MM INDICATES DATA IS MISSING.
T  INDICATES TRACE AMOUNT.

&&

=====================================================================

...TIED 10TH LEAST SNOWY APRIL ON RECORD IN WINNEMUCCA...

A RECORD DAILY MINIMUM TEMP OF 18 DEGREES WAS SET ON THE 29TH.

$$

DS
