000
CXUS55 KRIW 040147 CCA
CLMWRL

CLIMATE REPORT...CORRECTED
NATIONAL WEATHER SERVICE RIVERTON WY
759 PM MDT SAT JUL 1 2017

...PRELIMINARY MONTHLY CLIMATE SUMMARY FOR WORLAND MUNICIPAL AIRPORT
FOR THE MONTH OF JUNE 2017...

...OFFICIAL CLIMATE DATA FOR THE MONTH OF JUNE 2017 WILL BE
AVAILABLE APPROXIMATELY IN AUGUST 2017 FROM THE NATIONAL CENTER FOR
ENVIRONMENTAL INFORMATION (HTTP://WWW.NCEI.NOAA.GOV/OL/
CLIMATEDATA.HTML). UNOFFICIAL ASOS DAILY SUMMARIES ARE AVAILABLE ON
THE INTERNET AT HTTP://WWW.WEATHER.GOV/CLIMATE/INDEX.PHP?WFO=RIW...

...WORLAND WAS WARMER AND DRIER THAN NORMAL IN JUNE...

THE AVERAGE TEMPERATURE FOR WORLAND IN JUNE WAS 66.2 DEGREES...
WHICH WAS 1.5 DEGREES ABOVE NORMAL. THE WARMEST READING OF THE MONTH
WAS 98 DEGREES ON THE 20TH. THE COLDEST READING WAS 40 DEGREES ON
THE 24TH. A NEW RECORD LOW TEMPERATURE OF 41 DEGREES WAS SET FOR THE
23RD...BREAKING THE OLD RECORD OF 42 DEGREES SET IN 2009.

TOTAL PRECIPITATION FOR THE MONTH WAS 0.36 OF AN INCH...WHICH WAS
ONLY 31 PERCENT OF NORMAL...MAKING IT THE 9TH DRIEST JUNE ON RECORD.
THE WETTEST 24 HOUR PERIOD WAS THE 11TH...WHEN 0.15 INCHES FELL. NO
PRECIPITATION RECORDS WERE SET DURING THE MONTH. THE HIGHEST WIND
GUST WAS 70 MPH ON THE 27TH.

...THE WORLAND WY CLIMATE SUMMARY FOR THE MONTH OF JUNE 2017...

CLIMATE NORMAL PERIOD 1981 TO 2010
CLIMATE RECORD PERIOD 1947 TO 2017

WEATHER         OBSERVED          NORMAL  DEPART
                 VALUE   DATE(S)  VALUE   FROM
                                          NORMAL
................................................
TEMPERATURE (F)
RECORD
 HIGH             107   06/30/1990
                        06/27/1970
 LOW               32   06/12/1969
HIGHEST            98   06/20
LOWEST             40   06/24
AVG. MAXIMUM     83.4              80.3     3.1
AVG. MINIMUM     49.0              49.1    -0.1
MEAN             66.2              64.7     1.5
DAYS MAX >= 90      8
DAYS MAX <= 32      0
DAYS MIN <= 32      0
DAYS MIN <= 0       0

PRECIPITATION (INCHES)
RECORD
 MAXIMUM         3.47   MM
 MINIMUM         0.01   2012
TOTALS           0.36              1.15   -0.79
DAILY AVG.       0.01
DAYS >= .01         6
DAYS >= .10         1
DAYS >= .50         0
DAYS >= 1.00        0
GREATEST
 24 HR. TOTAL    0.15   06/11 TO 06/11

DEGREE_DAYS
HEATING TOTAL      46                93     -47
 SINCE 7/1       7455              7869    -414
COOLING TOTAL      90                84       6
 SINCE 1/1         90                96      -6
.................................................

WIND (MPH)
AVERAGE WIND SPEED              7.0
RESULTANT WIND SPEED/DIRECTION   0/036
HIGHEST WIND SPEED/DIRECTION    51/300    DATE  06/27
HIGHEST GUST SPEED/DIRECTION    70/300    DATE  06/27

SKY COVER
POSSIBLE SUNSHINE (PERCENT)   MM
AVERAGE SKY COVER           0.20
NUMBER OF DAYS FAIR           24
NUMBER OF DAYS PC              6
NUMBER OF DAYS CLOUDY          0

AVERAGE RH (PERCENT)     48

WEATHER CONDITIONS. NUMBER OF DAYS WITH
THUNDERSTORM              0     MIXED PRECIP               0
HEAVY RAIN                3     RAIN                       0
LIGHT RAIN                8     FREEZING RAIN              0
LT FREEZING RAIN          0     HAIL                       0
HEAVY SNOW                0     SNOW                       0
LIGHT SNOW                0     SLEET                      0
FOG                       3     FOG W/VIS <= 1/4 MILE      0
HAZE                      3

-  INDICATES NEGATIVE NUMBERS.
R  INDICATES RECORD WAS SET OR TIED.
MM INDICATES DATA IS MISSING.
T  INDICATES TRACE AMOUNT.

LOOKING AHEAD TO JULY 2017...THE AVERAGE HIGH TEMPERATURE ON THE
FIRST OF THE MONTH IS 86 DEGREES... AND THE AVERAGE LOW TEMPERATURE
IS 53 DEGREES. THE AVERAGE HIGH BY THE END OF THE MONTH IS 90
DEGREES...AND THE AVERAGE LOW TEMPERATURE IS 56 DEGREES. THE AVERAGE
MONTHLY PRECIPITATION IS 0.71 INCHES.


$$
