000
CXAK57 PAYA 010931
CLMYAK

CLIMATE REPORT
NATIONAL WEATHER SERVICE YAKUTAT, AK
131 AM AKDT MON AUG 1 2016

...................................

...THE YAKUTAT AP CLIMATE SUMMARY FOR THE MONTH OF JULY 2016...

CLIMATE NORMAL PERIOD 1981 TO 2010
CLIMATE RECORD PERIOD 1948 TO 2016

WEATHER         OBSERVED          NORMAL  DEPART  LAST YEAR`S
                 VALUE   DATE(S)  VALUE   FROM    VALUE  DATE(S)
                                          NORMAL
................................................................
TEMPERATURE (F)
RECORD
 HIGH              85   7/07/2009
 LOW               35   7/14/1968
HIGHEST            75   7/08         69       6      75  7/20
LOWEST             44                40       4      41  7/31
AVG. MAXIMUM       62.9              60.1     2.8    61.3
AVG. MINIMUM       51.9              48.6     3.3    50.7
MEAN               57.4              54.3     3.1    56.0
DAYS MAX >= 90      0                 0.0     0.0     0
DAYS MAX <= 32      0                 0.0     0.0     0
DAYS MAX >= 80      0                 0.1    -0.1     0
DAYS MAX >= 70      3                 0.9     2.1     1
DAYS MIN <= 32      0                 0.0     0.0     0
DAYS MIN <= 0       0                 0.0     0.0     0

PRECIPITATION (INCHES)
RECORD
 MAXIMUM           21.49   1959
 MINIMUM            1.25   1920
TOTALS              8.55              7.88    0.67   11.81
DAILY AVG.          0.28              0.25    0.03    0.38
DAYS >= .01        15                18.5    -3.5    23
DAYS >= .10        10                11.9    -1.9    17
DAYS >= .50         5                 4.6     0.4     8
DAYS >= 1.0         2                 2.2    -0.2     4
GREATEST
 24 HR TOTAL        2.46   7/27                       1.84  7/27

SNOWFALL (INCHES)
RECORDS
 TOTAL              0.0   1949
 24 HR TOTAL        0.0   7-31-2016
 SNOW DEPTH         0     7-31-2016
TOTALS              0.0               0.0     0.0     0.0
SINCE 7/1           0.0               0.0     0.0     0.0
SNOWDEPTH AVG.      0                 0       0       0
DAYS >= TRACE       0                 0.0     0.0     0
DAYS >= 1.0         0                 0.0     0.0     0
DAYS >= 6.0         0                 0.0     0.0     0
GREATEST
 SNOW DEPTH         0   MM                            0  MM
 24 HR TOTAL      0.0   MM                          0.0  MM

DEGREE_DAYS
HEATING TOTAL     230               332    -102     268
 SINCE 7/1        230               332    -102     268
COOLING TOTAL       0                 0       0       0
 SINCE 1/1          0                 0       0       0
................................................................

WIND (MPH)
AVERAGE WIND SPEED                4.3
HIGHEST WIND SPEED/DIRECTION     23/120    DATE   07/23
HIGHEST GUST SPEED/DIRECTION    150/260    DATE   07/31

SKY COVER
POSSIBLE SUNSHINE (PERCENT)   MM
AVERAGE SKY COVER             MM
NUMBER OF DAYS FAIR           MM
NUMBER OF DAYS PC             MM
NUMBER OF DAYS CLOUDY         MM

AVERAGE RH (PERCENT)     MM

WEATHER CONDITIONS. NUMBER OF DAYS WITH
THUNDERSTORM              0     ICE PELLETS                 0
RAIN                     21     GLAZE                       0
DRIZZLE                   0     HAIL                        0
SNOW                      0     HAZE                        4
FOG                      26     FOG W/VIS <= 1/4 MILE       2
BLOWING SNOW              0


-  INDICATES NEGATIVE NUMBERS.
R  INDICATES RECORD WAS SET OR TIED.
MM INDICATES DATA IS MISSING.
T  INDICATES TRACE AMOUNT.

&&

THERE WERE NO RECORDS SET IN JULY, BUT 2016 WAS THE SECOND WARMEST JULY RECORDED IN
YAKUTAT. WITH AN AVERAGE TEMPERATURE OF 57.4 DEGREES BESTED ONLY TO THE 58.9 DEGREE
MARK SET IN 1930.

$$
TR AUG 16
