000
CXUS56 KPDT 011443
CLMYKM

CLIMATE REPORT
NATIONAL WEATHER SERVICE PENDLETON OREGON
726 AM PDT MON JUN 01 2015

....................................

...THE YAKIMA WA CLIMATE SUMMARY FOR THE MONTH OF MAY 2015...

CLIMATE NORMAL PERIOD 1981 TO 2010
CLIMATE RECORD PERIOD 1909 TO 2015

WEATHER         OBSERVED          NORMAL  DEPART  LAST YEAR`S
                 VALUE   DATE(S)  VALUE   FROM    VALUE  DATE(S)
                                          NORMAL

................................................................

TEMPERATURE (F)
RECORD
 HIGH             102   5/30/1986
 LOW               25   5/10/1999
HIGHEST            91   5/31       90         1            89   5/15
LOWEST             32   5/ 6       29         3            36   5/12
AVG. MAXIMUM     80.1            72.4       7.7          76.9
AVG. MINUMUM     49.8            41.9       7.9          44.2
MEAN             64.9            57.2       7.7          60.5
DAYS MAX >= 90      3               2         1             0
DAYS MAX <= 32      0               0         0             0
DAYS MIN <= 32      1               3        -2             0
DAYS MIN <= 0       0               0         0             0


PRECIPITATION (INCHES)
RECORD
 MAXIMUM          2.76   1948
 MINIMUM          0.01   2001
TOTALS            1.80            0.58      1.22          0.13
DAILY AVG.        0.06            0.02      0.04          0.00
DAYS >=  0.01        3               6        -3             2
DAYS >=  0.10        3               2         1             1
DAYS >=  0.50        2               0         2             0
DAYS >=  1.00        1               0         1             0
GREATEST
 24 HR. TOTAL     1.05   5/21



SNOWFALL (INCHES)
RECORD
 MAXIMUM           0.0   2010
 MINIMUM           0.0   2014
TOTALS             0.0             0.0       0.0           0.0
SINCE 7/1          1.6            22.0     -20.4          19.9
DAYS >=  TRACE                       0         0
DAYS >=  1.0         0               0         0             0
GREATEST
 24 HR. TOTAL      0.0   5/31


DEGREE DAYS
HEATING TOTAL       86             261      -175           153
 SINCE 7/1        4507            5941     -1434          5570
COOLING TOTAL       92              20        72            23
 SINCE 1/1          92              20        72            23

.............................................................

WIND (MPH)
AVERAGE WIND SPEED                     6.8
RESULTANT WIND SPEED/DIRECTION         4/259
HIGHEST WIND SPEED/DIRECTION          28/330      DATE          05/15
HIGHEST GUST SPEED/DIRECTION          42/290      DATE          05/04


WEATHER CONDITIONS. NUMBER OF DAYS WITH
THUNDERSTORM               2    MIXED PRECIP                           0
HEAVY RAIN                 0    RAIN                                   2
LIGHT RAIN                 7    FREEZING RAIN                          0
LT FREEZING RAIN           0    HAIL                                   0
HEAVY SNOW                 0    SNOW                                   0
LIGHT SNOW                 0    SLEET                                  0
FOG                        2    FOG W/VIS <=1/4 MILE                   0
HAZE                       1

-  INDICATES NEGATIVE NUMBERS.
R  INDICATES RECORD WAS SET OR TIED.
MM INDICATES DATA IS MISSING.
T  INDICATES TRACE AMOUNT.

$$
