000
CXUS51 KALY 010649
CLSALB

CLIMATE REPORT - SEASONAL
NATIONAL WEATHER SERVICE ALBANY NY
245 AM EDT FRI SEP 1 2017

...................................

...THE ALBANY NY CLIMATE SUMMARY FOR THE SEASON, FROM
6/1/2017 TO 8/31/2017...

CLIMATE NORMAL PERIOD 1981 TO 2010
CLIMATE RECORD PERIOD 1874 TO 2017

WEATHER         OBSERVED          NORMAL  DEPART  LAST YEAR`S
                 VALUE   DATE(S)  VALUE   FROM    VALUE  DATE(S)
                                          NORMAL
................................................................
TEMPERATURE (F)
RECORD
 HIGH             104   07/04/1911
 LOW               34   08/29/1982
HIGHEST            95   06/12                         94  07/22
LOWEST             44   06/02                         45  06/11
AVG. MAXIMUM     79.6              80.2    -0.6     82.9
AVG. MINIMUM     59.7              59.3     0.4     61.1
MEAN             69.6              69.7    -0.1     72.0
DAYS MAX >= 90      3               6.4    -3.4       14
DAYS MAX <= 32      0               0.0     0.0        0
DAYS MIN <= 32      0               0.0     0.0        0
DAYS MIN <= 0       0               0.0     0.0        0

PRECIPITATION (INCHES)
RECORD
 MAXIMUM        27.21   1871
 MINIMUM         4.29   1929
TOTALS          12.89             11.37    1.52    12.69
DAILY AVG.       0.14              0.12    0.02     0.14
DAYS >= .01        35              33.7     1.3       31
DAYS >= .10        23              21.3     1.7       18
DAYS >= .50        11               7.6     3.4        8
DAYS >= 1.00        4               2.5     1.5        5
GREATEST
 24 HR. TOTAL    1.72   08/18 TO 08/18

DEGREE_DAYS
HEATING TOTAL      70                75      -5
 SINCE 7/1         19                23      -4
COOLING TOTAL     525               512      13
 SINCE 1/1        575               543      32

FREEZE DATES
RECORD
 EARLIEST     09/24/1963
 LATEST       05/27/1969
EARLIEST                        10/10
LATEST                          04/28
.................................................................

WIND (MPH)
AVERAGE WIND SPEED              6.1
HIGHEST WIND SPEED/DIRECTION    37/290    DATE  08/22
HIGHEST GUST SPEED/DIRECTION    49/290    DATE  08/22


WEATHER CONDITIONS. NUMBER OF DAYS WITH
THUNDERSTORM             16    MIXED PRECIP               0
HEAVY RAIN               10     RAIN                      15
LIGHT RAIN               46     FREEZING RAIN              0
LT FREEZING RAIN          0     HAIL                       1
HEAVY SNOW                0     SNOW                       0
LIGHT SNOW                0     SLEET                      0
FOG                      44     FOG W/VIS <= 1/4 MILE      4
HAZE                      5

-  INDICATES NEGATIVE NUMBERS.
R  INDICATES RECORD WAS SET OR TIED.
MM INDICATES DATA IS MISSING.
T  INDICATES TRACE AMOUNT.

$$
