000
CXUS51 KRNK 011928 CCA
CLSBLF

CLIMATE REPORT
NATIONAL WEATHER SERVICE BLACKSBURG VA
221 PM EST FRI DEC 1 2017

...................................

...THE BLUEFIELD WV CLIMATE SUMMARY FOR THE SEASON, FROM
9/1/2017 TO 11/30/2017...

CLIMATE NORMAL PERIOD 1981 TO 2010
CLIMATE RECORD PERIOD 1959 TO 2017

WEATHER         OBSERVED          NORMAL  DEPART  LAST YEAR`S
                 VALUE   DATE(S)  VALUE   FROM    VALUE
                                          NORMAL
.............................................................
TEMPERATURE (F)
RECORD
 HIGH              93   09/06/2007
 LOW                7   11/25/1970
                        11/24/1970
HIGHEST            81   09/27                         84
                        09/22
                        09/23
LOWEST             20   11/23                         20
AVG. MAXIMUM     63.5              65.2    -1.7     66.9
AVG. MINIMUM     45.3              47.7    -2.4     48.0
MEAN             54.4              56.4    -2.0     57.5
DAYS MAX >= 90      0               0.3    -0.3        0
DAYS MAX <= 32      0               0.8    -0.8        0
DAYS MIN <= 32     16               9.5     6.5       10
DAYS MIN <= 0       0               0.0     0.0        0

PRECIPITATION (INCHES)
RECORD
 MAXIMUM        16.56   2004
 MINIMUM         2.14   2008
TOTALS           7.27              8.33   -1.06     4.74
DAILY AVG.       0.08              0.09   -0.01     0.05
DAYS >= .01        30              29.9     0.1       18
DAYS >= .10        13              16.6    -3.6        8
DAYS >= .50         4               5.4    -1.4        2
DAYS >= 1.00        1               1.4    -0.4        1
GREATEST
 24 HR. TOTAL    2.41                               1.51

SNOWFALL (INCHES)
TOTALS            0.3                                  T
DAYS >= TRACE       2                                  2
DAYS >= 1.0         0                                  0
GREATEST
 24 HR TOTAL      0.3                                0.0

DEGREE_DAYS
HEATING TOTAL    1001               898     103      776
COOLING TOTAL      64               119     -55      129
..............................................................

WIND (MPH)
AVERAGE WIND SPEED              5.7
HIGHEST WIND SPEED/DIRECTION    32/250    DATE  11/18
HIGHEST GUST SPEED/DIRECTION    47/270    DATE  11/18

SKY COVER
AVERAGE SKY COVER           0.40

AVERAGE RH (PERCENT)     69

WEATHER CONDITIONS. NUMBER OF DAYS WITH
THUNDERSTORM              2     MIXED PRECIP               0
HEAVY RAIN                4     RAIN                      11
LIGHT RAIN               42     FREEZING RAIN              0
LT FREEZING RAIN          0     HAIL                       0
HEAVY SNOW                0     SNOW                       0
LIGHT SNOW                2     SLEET                      0
FOG                      42     FOG W/VIS <= 1/4 MILE     12
HAZE                      0

-  INDICATES NEGATIVE NUMBERS.
R  INDICATES RECORD WAS SET OR TIED.
MM INDICATES DATA IS MISSING.
T  INDICATES TRACE AMOUNT.

$$

RAB
