000
CXUS53 KDVN 012100
CLSBRL


CLIMATE REPORT
NATIONAL WEATHER SERVICE QUAD CITIES IA IL
400 PM CDT MON JUN 1 2015

...................................

...THE BURLINGTON IA CLIMATE SUMMARY FOR THE SEASON, FROM
3/1/2015 TO 5/31/2015...

CLIMATE NORMAL PERIOD 1981 TO 2010
CLIMATE RECORD PERIOD 1897 TO 2015

WEATHER         OBSERVED          NORMAL  DEPART
                 VALUE   DATE(S)  VALUE   FROM
                                          NORMAL
................................................
TEMPERATURE (F)
RECORD
 HIGH             103   05/31/1934
 LOW              -13   03/05/1960
HIGHEST            84   05/03        79       5
LOWEST              1   03/06        26     -25
AVG. MAXIMUM     64.0              63.5     0.5
AVG. MINIMUM     42.3              42.5    -0.2
MEAN             53.1              53.0     0.1
DAYS MAX >= 90      0
DAYS MAX <= 32      4
DAYS MIN <= 32     20
DAYS MIN <= 0       0

PRECIPITATION (INCHES)
TOTALS           6.54             11.40   -4.86
DAILY AVG.       0.07              0.12   -0.05
DAYS >= .01        29
DAYS >= .10        15
DAYS >= .50         3
DAYS >= 1.00        0
GREATEST
 24 HR. TOTAL    0.93   05/29 TO 05/30

DEGREE_DAYS
HEATING TOTAL    1165              1209     -44
 SINCE 7/1       6096              5587     509
COOLING TOTAL      93               104     -11
 SINCE 1/1         93               103     -10
.................................................

WIND (MPH)
AVERAGE WIND SPEED              9.1
HIGHEST WIND SPEED/DIRECTION    33/250    DATE  04/09
HIGHEST GUST SPEED/DIRECTION    44/250    DATE  04/09

SKY COVER
POSSIBLE SUNSHINE (PERCENT)   MM
AVERAGE SKY COVER           0.40
NUMBER OF DAYS FAIR           52
NUMBER OF DAYS PC             24
NUMBER OF DAYS CLOUDY         16

AVERAGE RH (PERCENT)     65

WEATHER CONDITIONS. NUMBER OF DAYS WITH
THUNDERSTORM             14     HAIL                       0
SLEET                     0     FOG                       40
FOG W/VIS <= 1/4 MILE     7     HAZE                      24

-  INDICATES NEGATIVE NUMBERS.
R  INDICATES RECORD WAS SET OR TIED.
MM INDICATES DATA IS MISSING.
T  INDICATES TRACE AMOUNT.

$$

NOTE: SUPPLEMENTAL CLIMATE DATA WAS USED FROM A NEARBY
CLIMATOLOGICALLY REPRESENTATIVE STATION.

PARAMETER   DATE
---------   ----
   WTR      05/20
